{"id":604,"date":"2025-06-25T10:40:48","date_gmt":"2025-06-25T08:40:48","guid":{"rendered":"https:\/\/kemianseurat.fi\/turku\/?page_id=604"},"modified":"2025-07-17T21:42:24","modified_gmt":"2025-07-17T19:42:24","slug":"604-2","status":"publish","type":"page","link":"https:\/\/kemianseurat.fi\/turku\/604-2\/","title":{"rendered":"___________Vuosijuhlat____________"},"content":{"rendered":"\n<figure class=\"wp-block-image size-full\"><img loading=\"lazy\" decoding=\"async\" width=\"800\" height=\"802\" src=\"https:\/\/kemianseurat.fi\/turku\/wp-content\/uploads\/2025\/07\/image.png\" alt=\"\" class=\"wp-image-613\" srcset=\"https:\/\/kemianseurat.fi\/turku\/wp-content\/uploads\/2025\/07\/image.png 800w, https:\/\/kemianseurat.fi\/turku\/wp-content\/uploads\/2025\/07\/image-300x300.png 300w, https:\/\/kemianseurat.fi\/turku\/wp-content\/uploads\/2025\/07\/image-150x150.png 150w, https:\/\/kemianseurat.fi\/turku\/wp-content\/uploads\/2025\/07\/image-768x770.png 768w\" sizes=\"auto, (max-width: 800px) 100vw, 800px\" \/><\/figure>\n\n\n\n<figure class=\"wp-block-image size-full\"><img loading=\"lazy\" decoding=\"async\" width=\"802\" height=\"804\" src=\"https:\/\/kemianseurat.fi\/turku\/wp-content\/uploads\/2025\/07\/image-1.png\" alt=\"\" class=\"wp-image-614\" srcset=\"https:\/\/kemianseurat.fi\/turku\/wp-content\/uploads\/2025\/07\/image-1.png 802w, https:\/\/kemianseurat.fi\/turku\/wp-content\/uploads\/2025\/07\/image-1-300x300.png 300w, https:\/\/kemianseurat.fi\/turku\/wp-content\/uploads\/2025\/07\/image-1-150x150.png 150w, https:\/\/kemianseurat.fi\/turku\/wp-content\/uploads\/2025\/07\/image-1-768x770.png 768w\" sizes=\"auto, (max-width: 802px) 100vw, 802px\" \/><\/figure>\n\n\n\n<p class=\"has-text-align-center\">Juhlaseminaariin ei ole ilmoittautumista ja seminaariesityksi\u00e4 voi seurata my\u00f6s et\u00e4n\u00e4. Linkki striimiin tulee t\u00e4lle sivustolle l\u00e4hemp\u00e4n\u00e4 vuosijuhlap\u00e4iv\u00e4\u00e4.<\/p>\n\n\n\n<p class=\"has-text-align-center\">Ilmoittautuminen iltajuhlaan avautuu elokuun puolessa v\u00e4liss\u00e4. Ilmoittautumislinkki l\u00e4hetet\u00e4\u00e4n Kerhon s\u00e4hk\u00f6postilistalle.<\/p>\n\n\n\n<p><\/p>\n","protected":false},"excerpt":{"rendered":"<p>Juhlaseminaariin ei ole ilmoittautumista ja seminaariesityksi\u00e4 voi seurata my\u00f6s et\u00e4n\u00e4. Linkki striimiin tulee t\u00e4lle sivustolle l\u00e4hemp\u00e4n\u00e4 vuosijuhlap\u00e4iv\u00e4\u00e4. Ilmoittautuminen iltajuhlaan avautuu elokuun puolessa v\u00e4liss\u00e4. Ilmoittautumislinkki l\u00e4hetet\u00e4\u00e4n Kerhon s\u00e4hk\u00f6postilistalle.<\/p>\n","protected":false},"author":6,"featured_media":0,"parent":0,"menu_order":0,"comment_status":"closed","ping_status":"closed","template":"","meta":{"_monsterinsights_skip_tracking":false,"_monsterinsights_sitenote_active":false,"_monsterinsights_sitenote_note":"","_monsterinsights_sitenote_category":0,"footnotes":""},"class_list":["post-604","page","type-page","status-publish","hentry"],"_links":{"self":[{"href":"https:\/\/kemianseurat.fi\/turku\/wp-json\/wp\/v2\/pages\/604","targetHints":{"allow":["GET"]}}],"collection":[{"href":"https:\/\/kemianseurat.fi\/turku\/wp-json\/wp\/v2\/pages"}],"about":[{"href":"https:\/\/kemianseurat.fi\/turku\/wp-json\/wp\/v2\/types\/page"}],"author":[{"embeddable":true,"href":"https:\/\/kemianseurat.fi\/turku\/wp-json\/wp\/v2\/users\/6"}],"replies":[{"embeddable":true,"href":"https:\/\/kemianseurat.fi\/turku\/wp-json\/wp\/v2\/comments?post=604"}],"version-history":[{"count":4,"href":"https:\/\/kemianseurat.fi\/turku\/wp-json\/wp\/v2\/pages\/604\/revisions"}],"predecessor-version":[{"id":615,"href":"https:\/\/kemianseurat.fi\/turku\/wp-json\/wp\/v2\/pages\/604\/revisions\/615"}],"wp:attachment":[{"href":"https:\/\/kemianseurat.fi\/turku\/wp-json\/wp\/v2\/media?parent=604"}],"curies":[{"name":"wp","href":"https:\/\/api.w.org\/{rel}","templated":true}]}}

<figure class="wp-block-image size-full"><img loading="lazy" decoding="async" width="800" height="802" src="https://kemianseurat.fi/turku/wp-content/uploads/2025/07/image.png" alt="" class="wp-image-613" srcset="https://kemianseurat.fi/turku/wp-content/uploads/2025/07/image.png 800w, https://kemianseurat.fi/turku/wp-content/uploads/2025/07/image-300x300.png 300w, https://kemianseurat.fi/turku/wp-content/uploads/2025/07/image-150x150.png 150w, https://kemianseurat.fi/turku/wp-content/uploads/2025/07/image-768x770.png 768w" sizes="auto, (max-width: 800px) 100vw, 800px" /></figure>



<figure class="wp-block-image size-full"><img loading="lazy" decoding="async" width="802" height="804" src="https://kemianseurat.fi/turku/wp-content/uploads/2025/07/image-1.png" alt="" class="wp-image-614" srcset="https://kemianseurat.fi/turku/wp-content/uploads/2025/07/image-1.png 802w, https://kemianseurat.fi/turku/wp-content/uploads/2025/07/image-1-300x300.png 300w, https://kemianseurat.fi/turku/wp-content/uploads/2025/07/image-1-150x150.png 150w, https://kemianseurat.fi/turku/wp-content/uploads/2025/07/image-1-768x770.png 768w" sizes="auto, (max-width: 802px) 100vw, 802px" /></figure>



<p class="has-text-align-center">Juhlaseminaariin ei ole ilmoittautumista ja seminaariesityksiä voi seurata myös etänä. Linkki striimiin tulee tälle sivustolle lähempänä vuosijuhlapäivää.</p>



<p class="has-text-align-center">Ilmoittautuminen iltajuhlaan avautuu elokuun puolessa välissä. Ilmoittautumislinkki lähetetään Kerhon sähköpostilistalle.</p>



<p></p>

<p>Juhlaseminaariin ei ole ilmoittautumista ja seminaariesityksiä voi seurata myös etänä. Linkki striimiin tulee tälle sivustolle lähempänä vuosijuhlapäivää. Ilmoittautuminen iltajuhlaan avautuu elokuun puolessa välissä. Ilmoittautumislinkki lähetetään Kerhon sähköpostilistalle.</p>
