{"id":45,"date":"2018-01-30T06:45:15","date_gmt":"2018-01-30T06:45:15","guid":{"rendered":"https:\/\/kemianseurat.fi\/turku\/?page_id=45"},"modified":"2024-06-23T19:14:35","modified_gmt":"2024-06-23T17:14:35","slug":"kokoukset","status":"publish","type":"page","link":"https:\/\/kemianseurat.fi\/turku\/toiminta\/kokoukset\/","title":{"rendered":"Kokoukset"},"content":{"rendered":"<p>Yhdistyksen toimintaan kuuluvat itsest\u00e4\u00e4n selv\u00e4sti kokoukset. Niihin ovat aina kuuluneet erottamattomasti esitelm\u00e4t, mik\u00e4 onkin hyvin sopusoinnussa yhdistyksen s\u00e4\u00e4nt\u00f6jen kanssa. Yhdistyksen alkuaikoina kokouksien ja esitelmien merkitys oli viel\u00e4kin korostetumpi, ja niiss\u00e4 oli tapana pit\u00e4\u00e4 kaksikin esitelm\u00e4\u00e4 otsikoilla: &#8221;arkip\u00e4iv\u00e4n askareeni&#8221; ja &#8221;nelj\u00e4nnestunti ajankohtaista&#8221;.<\/p>\n<p>Kerholla on vuoden aikana kaksi vuosikokousta. Kev\u00e4\u00e4n vuosikokous j\u00e4rjestet\u00e4\u00e4n s\u00e4\u00e4nt\u00f6jen m\u00e4\u00e4r\u00e4\u00e4m\u00e4n\u00e4 helmikuun loppupuolella. Kev\u00e4tkokouksessa on viime vuosina kuultu jonkin juuri v\u00e4itelleen esitelm\u00e4. Syksyn vuosikokous j\u00e4rjestet\u00e4\u00e4n marraskuun loppupuolella ja sen yhteydess\u00e4 on viime vuosina j\u00e4rjestetty vierailu Turun alueen kemianalan yritykseen.<\/p>\n","protected":false},"excerpt":{"rendered":"<p>Yhdistyksen toimintaan kuuluvat itsest\u00e4\u00e4n selv\u00e4sti kokoukset. Niihin ovat aina kuuluneet erottamattomasti esitelm\u00e4t, mik\u00e4 onkin hyvin sopusoinnussa yhdistyksen s\u00e4\u00e4nt\u00f6jen kanssa. Yhdistyksen alkuaikoina kokouksien ja esitelmien merkitys oli viel\u00e4kin korostetumpi, ja niiss\u00e4 oli tapana pit\u00e4\u00e4 kaksikin esitelm\u00e4\u00e4 otsikoilla: &#8221;arkip\u00e4iv\u00e4n askareeni&#8221; ja &#8221;nelj\u00e4nnestunti ajankohtaista&#8221;. Kerholla on vuoden aikana kaksi vuosikokousta. Kev\u00e4\u00e4n vuosikokous j\u00e4rjestet\u00e4\u00e4n s\u00e4\u00e4nt\u00f6jen m\u00e4\u00e4r\u00e4\u00e4m\u00e4n\u00e4 helmikuun loppupuolella. Kev\u00e4tkokouksessa &hellip; <a href=\"https:\/\/kemianseurat.fi\/turku\/toiminta\/kokoukset\/\" class=\"more-link\">Jatka artikkeliin <span class=\"screen-reader-text\">Kokoukset<\/span><\/a><\/p>\n","protected":false},"author":1,"featured_media":0,"parent":24,"menu_order":0,"comment_status":"closed","ping_status":"closed","template":"","meta":{"_monsterinsights_skip_tracking":false,"_monsterinsights_sitenote_active":false,"_monsterinsights_sitenote_note":"","_monsterinsights_sitenote_category":0,"footnotes":""},"class_list":["post-45","page","type-page","status-publish","hentry"],"_links":{"self":[{"href":"https:\/\/kemianseurat.fi\/turku\/wp-json\/wp\/v2\/pages\/45","targetHints":{"allow":["GET"]}}],"collection":[{"href":"https:\/\/kemianseurat.fi\/turku\/wp-json\/wp\/v2\/pages"}],"about":[{"href":"https:\/\/kemianseurat.fi\/turku\/wp-json\/wp\/v2\/types\/page"}],"author":[{"embeddable":true,"href":"https:\/\/kemianseurat.fi\/turku\/wp-json\/wp\/v2\/users\/1"}],"replies":[{"embeddable":true,"href":"https:\/\/kemianseurat.fi\/turku\/wp-json\/wp\/v2\/comments?post=45"}],"version-history":[{"count":5,"href":"https:\/\/kemianseurat.fi\/turku\/wp-json\/wp\/v2\/pages\/45\/revisions"}],"predecessor-version":[{"id":539,"href":"https:\/\/kemianseurat.fi\/turku\/wp-json\/wp\/v2\/pages\/45\/revisions\/539"}],"up":[{"embeddable":true,"href":"https:\/\/kemianseurat.fi\/turku\/wp-json\/wp\/v2\/pages\/24"}],"wp:attachment":[{"href":"https:\/\/kemianseurat.fi\/turku\/wp-json\/wp\/v2\/media?parent=45"}],"curies":[{"name":"wp","href":"https:\/\/api.w.org\/{rel}","templated":true}]}}

<p>Yhdistyksen toimintaan kuuluvat itsestään selvästi kokoukset. Niihin ovat aina kuuluneet erottamattomasti esitelmät, mikä onkin hyvin sopusoinnussa yhdistyksen sääntöjen kanssa. Yhdistyksen alkuaikoina kokouksien ja esitelmien merkitys oli vieläkin korostetumpi, ja niissä oli tapana pitää kaksikin esitelmää otsikoilla: &#8221;arkipäivän askareeni&#8221; ja &#8221;neljännestunti ajankohtaista&#8221;.</p>
<p>Kerholla on vuoden aikana kaksi vuosikokousta. Kevään vuosikokous järjestetään sääntöjen määräämänä helmikuun loppupuolella. Kevätkokouksessa on viime vuosina kuultu jonkin juuri väitelleen esitelmä. Syksyn vuosikokous järjestetään marraskuun loppupuolella ja sen yhteydessä on viime vuosina järjestetty vierailu Turun alueen kemianalan yritykseen.</p>

<p>Yhdistyksen toimintaan kuuluvat itsestään selvästi kokoukset. Niihin ovat aina kuuluneet erottamattomasti esitelmät, mikä onkin hyvin sopusoinnussa yhdistyksen sääntöjen kanssa. Yhdistyksen alkuaikoina kokouksien ja esitelmien merkitys oli vieläkin korostetumpi, ja niissä oli tapana pitää kaksikin esitelmää otsikoilla: &#8221;arkipäivän askareeni&#8221; ja &#8221;neljännestunti ajankohtaista&#8221;. Kerholla on vuoden aikana kaksi vuosikokousta. Kevään vuosikokous järjestetään sääntöjen määräämänä helmikuun loppupuolella. Kevätkokouksessa &hellip; <a href="https://kemianseurat.fi/turku/toiminta/kokoukset/" class="more-link">Jatka artikkeliin <span class="screen-reader-text">Kokoukset</span></a></p>
