{"id":412,"date":"2023-06-05T07:23:16","date_gmt":"2023-06-05T05:23:16","guid":{"rendered":"https:\/\/kemianseurat.fi\/turku\/?page_id=412"},"modified":"2024-05-19T12:28:41","modified_gmt":"2024-05-19T10:28:41","slug":"kulttuurikuntoilureitti","status":"publish","type":"page","link":"https:\/\/kemianseurat.fi\/turku\/kulttuurikuntoilureitti\/","title":{"rendered":"Kulttuurikuntoilureitti"},"content":{"rendered":"\n<p>Suomen ensimm\u00e4inen yliopisto, Turun Akatemia, perustettiin Turkuun vuonna 1640. Ensimm\u00e4inen kemian professorin virka Akatemiaan perustettiin vuonna 1761, josta Suomen kemian tutkimuksen ja opetuksen historia sai alkunsa. Miss\u00e4 kemian laboratoriot sijaitsivat ja miten kemian tutkimus ja opetus on kehittynyt Turussa Akatemian ajoista t\u00e4h\u00e4n p\u00e4iv\u00e4\u00e4n? L\u00e4hde kulttuurikuntoilureitille ottamaan selv\u00e4\u00e4!<\/p>\n\n\n\n<p><a rel=\"noreferrer noopener\" href=\"https:\/\/kemianseurat.fi\/turku\/wp-content\/uploads\/2023\/07\/Taitto-Suomi-versio-2.pdf\" target=\"_blank\">Kulttuurikuntoilureitti suomeksi<\/a> (pdf, versio 2, 6.7.2023)<\/p>\n\n\n\n<p><a href=\"https:\/\/kemianseurat.fi\/turku\/wp-content\/uploads\/2024\/05\/KulttuurikuntoilureittiRUOTSIversio2.pdf\" target=\"_blank\" rel=\"noreferrer noopener\">Kulturmotionvandring p\u00e5 svenska<\/a> (pdf, versio2, 19.5.2024)<\/p>\n\n\n\n<p>Palaute sek\u00e4 muutos- ja t\u00e4ydennysehdotukset otetaan ilolla vastaan osoitteeseen turunkemistikerho@gmail.com<\/p>\n","protected":false},"excerpt":{"rendered":"<p>Suomen ensimm\u00e4inen yliopisto, Turun Akatemia, perustettiin Turkuun vuonna 1640. Ensimm\u00e4inen kemian professorin virka Akatemiaan perustettiin vuonna 1761, josta Suomen kemian tutkimuksen ja opetuksen historia sai alkunsa. Miss\u00e4 kemian laboratoriot sijaitsivat ja miten kemian tutkimus ja opetus on kehittynyt Turussa Akatemian ajoista t\u00e4h\u00e4n p\u00e4iv\u00e4\u00e4n? L\u00e4hde kulttuurikuntoilureitille ottamaan selv\u00e4\u00e4! Kulttuurikuntoilureitti suomeksi (pdf, versio 2, 6.7.2023) Kulturmotionvandring p\u00e5 &hellip; <a href=\"https:\/\/kemianseurat.fi\/turku\/kulttuurikuntoilureitti\/\" class=\"more-link\">Jatka artikkeliin <span class=\"screen-reader-text\">Kulttuurikuntoilureitti<\/span><\/a><\/p>\n","protected":false},"author":6,"featured_media":0,"parent":0,"menu_order":0,"comment_status":"closed","ping_status":"closed","template":"","meta":{"_monsterinsights_skip_tracking":false,"_monsterinsights_sitenote_active":false,"_monsterinsights_sitenote_note":"","_monsterinsights_sitenote_category":0,"footnotes":""},"class_list":["post-412","page","type-page","status-publish","hentry"],"_links":{"self":[{"href":"https:\/\/kemianseurat.fi\/turku\/wp-json\/wp\/v2\/pages\/412","targetHints":{"allow":["GET"]}}],"collection":[{"href":"https:\/\/kemianseurat.fi\/turku\/wp-json\/wp\/v2\/pages"}],"about":[{"href":"https:\/\/kemianseurat.fi\/turku\/wp-json\/wp\/v2\/types\/page"}],"author":[{"embeddable":true,"href":"https:\/\/kemianseurat.fi\/turku\/wp-json\/wp\/v2\/users\/6"}],"replies":[{"embeddable":true,"href":"https:\/\/kemianseurat.fi\/turku\/wp-json\/wp\/v2\/comments?post=412"}],"version-history":[{"count":6,"href":"https:\/\/kemianseurat.fi\/turku\/wp-json\/wp\/v2\/pages\/412\/revisions"}],"predecessor-version":[{"id":489,"href":"https:\/\/kemianseurat.fi\/turku\/wp-json\/wp\/v2\/pages\/412\/revisions\/489"}],"wp:attachment":[{"href":"https:\/\/kemianseurat.fi\/turku\/wp-json\/wp\/v2\/media?parent=412"}],"curies":[{"name":"wp","href":"https:\/\/api.w.org\/{rel}","templated":true}]}}