{"id":24,"date":"2018-01-27T22:44:16","date_gmt":"2018-01-27T22:44:16","guid":{"rendered":"https:\/\/kemianseurat.fi\/turku\/?page_id=24"},"modified":"2025-09-08T10:33:44","modified_gmt":"2025-09-08T08:33:44","slug":"toiminta","status":"publish","type":"page","link":"https:\/\/kemianseurat.fi\/turku\/toiminta\/","title":{"rendered":"Toiminta"},"content":{"rendered":"<h2>Turun Kemistikerhon vuosittaisia tapahtumia:<\/h2>\n<ul class=\"oma\">\n<li>Kulttuuri- ja virkistysretket<\/li>\n<li>Kev\u00e4\u00e4n vuosikokouksen ohjelmassa on yhdistyksen virallisten asioiden lis\u00e4ksi kutsuttu esitelm\u00e4, jonka tavallisesti on pit\u00e4nyt hiljattain kemian alalta v\u00e4itellyt henkil\u00f6.<\/li>\n<li>Gadolininp\u00e4iv\u00e4 on yhdess\u00e4 Kemiska S\u00e4llskapet i \u00c5bo-seuran kanssa vuosovuosin vuodesta 1969 j\u00e4rjestetty luentoiltap\u00e4iv\u00e4 tai muu teemaan sopiva tapahtuma.<\/li>\n<li>Syksyn\u00a0 vuosikokouksen ohjelmassa on yhdistyksen virallisten asioiden lis\u00e4ksi yleens\u00e4 vierailu johonkin Turun alueen kemian alan yritykseen.<\/li>\n<li>Pikkujoulut.<\/li>\n<\/ul>\n<p>Uusia toimintamuotoja pyrit\u00e4\u00e4n kehitt\u00e4m\u00e4\u00e4n vastaamaan j\u00e4senist\u00f6n toiveita.<\/p>\n<p>Kerhon\u00a0<strong><a href=\"https:\/\/kemianseurat.fi\/turku\/wp-content\/uploads\/2019\/01\/s\u00e4\u00e4nn\u00f6t.pdf\">s\u00e4\u00e4nn\u00f6t<\/a><\/strong>.<\/p>\n<p>Vuosikertomukset:<\/p>\n<p><em><strong><a href=\"https:\/\/kemianseurat.fi\/turku\/wp-content\/uploads\/2019\/01\/vuosikertomus2004.pdf\">2004<\/a>\u00a0 <a href=\"https:\/\/kemianseurat.fi\/turku\/wp-content\/uploads\/2019\/01\/vuosikertomus2005.pdf\">2005<\/a>\u00a0 <a href=\"https:\/\/kemianseurat.fi\/turku\/wp-content\/uploads\/2019\/01\/vuosikertomus2006.pdf\">2006<\/a>\u00a0 <a href=\"https:\/\/kemianseurat.fi\/turku\/wp-content\/uploads\/2019\/01\/vuosikertomus2007.pdf\">2007<\/a>\u00a0 <a href=\"https:\/\/kemianseurat.fi\/turku\/wp-content\/uploads\/2019\/01\/vuosikertomus2008.pdf\">2008<\/a>\u00a0 <a href=\"https:\/\/kemianseurat.fi\/turku\/wp-content\/uploads\/2019\/01\/vuosikertomus2009.pdf\">2009<\/a>\u00a0 <a href=\"https:\/\/kemianseurat.fi\/turku\/wp-content\/uploads\/2019\/01\/vuosikertomus2010.pdf\">2010<\/a>\u00a0 <a href=\"https:\/\/kemianseurat.fi\/turku\/wp-content\/uploads\/2019\/01\/vuosikertomus2011.pdf\">2011<\/a>\u00a0 <a href=\"https:\/\/kemianseurat.fi\/turku\/wp-content\/uploads\/2019\/01\/vuosikertomus2012.pdf\">2012<\/a>\u00a0 <a href=\"https:\/\/kemianseurat.fi\/turku\/wp-content\/uploads\/2019\/01\/vuosikertomus2013.pdf\">2013<\/a>\u00a0 <a href=\"https:\/\/kemianseurat.fi\/turku\/wp-content\/uploads\/2019\/01\/vuosikertomus2014.pdf\">2014<\/a>\u00a0 <a href=\"https:\/\/kemianseurat.fi\/turku\/wp-content\/uploads\/2019\/01\/vuosikertomus2015.pdf\">2015<\/a>\u00a0 <a href=\"https:\/\/kemianseurat.fi\/turku\/wp-content\/uploads\/2019\/01\/vuosikertomus2016.pdf\">2016<\/a>\u00a0 <a href=\"https:\/\/kemianseurat.fi\/turku\/wp-content\/uploads\/2019\/01\/vuosikertomus2017.pdf\">2017<\/a>\u00a0 <a href=\"https:\/\/kemianseurat.fi\/turku\/wp-content\/uploads\/2021\/02\/Vuosikertomus-2018.pdf\">2018<\/a>\u00a0 <a href=\"https:\/\/kemianseurat.fi\/turku\/wp-content\/uploads\/2021\/02\/Vuosikertomus-2019.pdf\">2019<\/a>\u00a0 <a href=\"https:\/\/kemianseurat.fi\/turku\/wp-content\/uploads\/2021\/02\/Vuosikertomus-2020.pdf\">2020<\/a>\u00a0 <a href=\"https:\/\/kemianseurat.fi\/turku\/wp-content\/uploads\/2022\/02\/Vuosikertomus-2021.pdf\">2021<\/a> <a href=\"https:\/\/kemianseurat.fi\/turku\/wp-content\/uploads\/2023\/02\/Turun-Kemistikerho-vuosikertomus-2022.pdf\">2022<\/a> <a href=\"https:\/\/kemianseurat.fi\/turku\/wp-content\/uploads\/2024\/02\/Turun-Kemistikerhon-vuosikertomus-2023.pdf\">2023\u00a0<\/a><a href=\"https:\/\/kemianseurat.fi\/turku\/wp-content\/uploads\/2025\/02\/Turun-Kemistikerhon-vuosikertomus-2024.pdf\">2024<\/a>\u00a0<\/strong><\/em><\/p>\n","protected":false},"excerpt":{"rendered":"<p>Turun Kemistikerhon vuosittaisia tapahtumia: Kulttuuri- ja virkistysretket Kev\u00e4\u00e4n vuosikokouksen ohjelmassa on yhdistyksen virallisten asioiden lis\u00e4ksi kutsuttu esitelm\u00e4, jonka tavallisesti on pit\u00e4nyt hiljattain kemian alalta v\u00e4itellyt henkil\u00f6. Gadolininp\u00e4iv\u00e4 on yhdess\u00e4 Kemiska S\u00e4llskapet i \u00c5bo-seuran kanssa vuosovuosin vuodesta 1969 j\u00e4rjestetty luentoiltap\u00e4iv\u00e4 tai muu teemaan sopiva tapahtuma. Syksyn\u00a0 vuosikokouksen ohjelmassa on yhdistyksen virallisten asioiden lis\u00e4ksi yleens\u00e4 vierailu johonkin &hellip; <a href=\"https:\/\/kemianseurat.fi\/turku\/toiminta\/\" class=\"more-link\">Jatka artikkeliin <span class=\"screen-reader-text\">Toiminta<\/span><\/a><\/p>\n","protected":false},"author":1,"featured_media":0,"parent":0,"menu_order":0,"comment_status":"closed","ping_status":"closed","template":"","meta":{"_monsterinsights_skip_tracking":false,"_monsterinsights_sitenote_active":false,"_monsterinsights_sitenote_note":"","_monsterinsights_sitenote_category":0,"footnotes":""},"class_list":["post-24","page","type-page","status-publish","hentry"],"_links":{"self":[{"href":"https:\/\/kemianseurat.fi\/turku\/wp-json\/wp\/v2\/pages\/24","targetHints":{"allow":["GET"]}}],"collection":[{"href":"https:\/\/kemianseurat.fi\/turku\/wp-json\/wp\/v2\/pages"}],"about":[{"href":"https:\/\/kemianseurat.fi\/turku\/wp-json\/wp\/v2\/types\/page"}],"author":[{"embeddable":true,"href":"https:\/\/kemianseurat.fi\/turku\/wp-json\/wp\/v2\/users\/1"}],"replies":[{"embeddable":true,"href":"https:\/\/kemianseurat.fi\/turku\/wp-json\/wp\/v2\/comments?post=24"}],"version-history":[{"count":15,"href":"https:\/\/kemianseurat.fi\/turku\/wp-json\/wp\/v2\/pages\/24\/revisions"}],"predecessor-version":[{"id":634,"href":"https:\/\/kemianseurat.fi\/turku\/wp-json\/wp\/v2\/pages\/24\/revisions\/634"}],"wp:attachment":[{"href":"https:\/\/kemianseurat.fi\/turku\/wp-json\/wp\/v2\/media?parent=24"}],"curies":[{"name":"wp","href":"https:\/\/api.w.org\/{rel}","templated":true}]}}

<h2>Turun Kemistikerhon vuosittaisia tapahtumia:</h2>
<ul class="oma">
<li>Kulttuuri- ja virkistysretket</li>
<li>Kevään vuosikokouksen ohjelmassa on yhdistyksen virallisten asioiden lisäksi kutsuttu esitelmä, jonka tavallisesti on pitänyt hiljattain kemian alalta väitellyt henkilö.</li>
<li>Gadolininpäivä on yhdessä Kemiska Sällskapet i Åbo-seuran kanssa vuosovuosin vuodesta 1969 järjestetty luentoiltapäivä tai muu teemaan sopiva tapahtuma.</li>
<li>Syksyn  vuosikokouksen ohjelmassa on yhdistyksen virallisten asioiden lisäksi yleensä vierailu johonkin Turun alueen kemian alan yritykseen.</li>
<li>Pikkujoulut.</li>
</ul>
<p>Uusia toimintamuotoja pyritään kehittämään vastaamaan jäsenistön toiveita.</p>
<p>Kerhon <strong><a href="https://kemianseurat.fi/turku/wp-content/uploads/2019/01/säännöt.pdf">säännöt</a></strong>.</p>
<p>Vuosikertomukset:</p>
<p><em><strong><a href="https://kemianseurat.fi/turku/wp-content/uploads/2019/01/vuosikertomus2004.pdf">2004</a>  <a href="https://kemianseurat.fi/turku/wp-content/uploads/2019/01/vuosikertomus2005.pdf">2005</a>  <a href="https://kemianseurat.fi/turku/wp-content/uploads/2019/01/vuosikertomus2006.pdf">2006</a>  <a href="https://kemianseurat.fi/turku/wp-content/uploads/2019/01/vuosikertomus2007.pdf">2007</a>  <a href="https://kemianseurat.fi/turku/wp-content/uploads/2019/01/vuosikertomus2008.pdf">2008</a>  <a href="https://kemianseurat.fi/turku/wp-content/uploads/2019/01/vuosikertomus2009.pdf">2009</a>  <a href="https://kemianseurat.fi/turku/wp-content/uploads/2019/01/vuosikertomus2010.pdf">2010</a>  <a href="https://kemianseurat.fi/turku/wp-content/uploads/2019/01/vuosikertomus2011.pdf">2011</a>  <a href="https://kemianseurat.fi/turku/wp-content/uploads/2019/01/vuosikertomus2012.pdf">2012</a>  <a href="https://kemianseurat.fi/turku/wp-content/uploads/2019/01/vuosikertomus2013.pdf">2013</a>  <a href="https://kemianseurat.fi/turku/wp-content/uploads/2019/01/vuosikertomus2014.pdf">2014</a>  <a href="https://kemianseurat.fi/turku/wp-content/uploads/2019/01/vuosikertomus2015.pdf">2015</a>  <a href="https://kemianseurat.fi/turku/wp-content/uploads/2019/01/vuosikertomus2016.pdf">2016</a>  <a href="https://kemianseurat.fi/turku/wp-content/uploads/2019/01/vuosikertomus2017.pdf">2017</a>  <a href="https://kemianseurat.fi/turku/wp-content/uploads/2021/02/Vuosikertomus-2018.pdf">2018</a>  <a href="https://kemianseurat.fi/turku/wp-content/uploads/2021/02/Vuosikertomus-2019.pdf">2019</a>  <a href="https://kemianseurat.fi/turku/wp-content/uploads/2021/02/Vuosikertomus-2020.pdf">2020</a>  <a href="https://kemianseurat.fi/turku/wp-content/uploads/2022/02/Vuosikertomus-2021.pdf">2021</a> <a href="https://kemianseurat.fi/turku/wp-content/uploads/2023/02/Turun-Kemistikerho-vuosikertomus-2022.pdf">2022</a> <a href="https://kemianseurat.fi/turku/wp-content/uploads/2024/02/Turun-Kemistikerhon-vuosikertomus-2023.pdf">2023 </a><a href="https://kemianseurat.fi/turku/wp-content/uploads/2025/02/Turun-Kemistikerhon-vuosikertomus-2024.pdf">2024</a> </strong></em></p>

<p>Turun Kemistikerhon vuosittaisia tapahtumia: Kulttuuri- ja virkistysretket Kevään vuosikokouksen ohjelmassa on yhdistyksen virallisten asioiden lisäksi kutsuttu esitelmä, jonka tavallisesti on pitänyt hiljattain kemian alalta väitellyt henkilö. Gadolininpäivä on yhdessä Kemiska Sällskapet i Åbo-seuran kanssa vuosovuosin vuodesta 1969 järjestetty luentoiltapäivä tai muu teemaan sopiva tapahtuma. Syksyn  vuosikokouksen ohjelmassa on yhdistyksen virallisten asioiden lisäksi yleensä vierailu johonkin &hellip; <a href="https://kemianseurat.fi/turku/toiminta/" class="more-link">Jatka artikkeliin <span class="screen-reader-text">Toiminta</span></a></p>
