{"id":119,"date":"2019-01-06T19:35:13","date_gmt":"2019-01-06T17:35:13","guid":{"rendered":"https:\/\/kemianseurat.fi\/turku\/?page_id=119"},"modified":"2026-03-24T13:07:50","modified_gmt":"2026-03-24T11:07:50","slug":"kunniajasenet","status":"publish","type":"page","link":"https:\/\/kemianseurat.fi\/turku\/historia\/kunniajasenet\/","title":{"rendered":"Kunniaj\u00e4senet"},"content":{"rendered":"<p>Ensimm\u00e4iseksi kunniaj\u00e4senekseen kerho kutsui professori Reino Leimun (1904-1981) vuonna 1964 h\u00e4nen t\u00e4ytt\u00e4ess\u00e4\u00e4n 60 vuotta. Kunniapuheenjohtajaksi h\u00e4net kutsuttiin 1970 kerhon 25-vuotisjuhlassa. Prof. Leimu oli kerhon perustajaj\u00e4sen ja toimi kerhon puheenjohtaja kahdesti 1948 ja 1953. Turun yliopiston kemian ja orgaanisen kemian professorina h\u00e4n toimi 1947-1970 ja oli pitk\u00e4n virkakautensa aikana erityisen aktiivinen toimija Turun Kemistikerhossa ja Suomalaisten Kemistien Seurassa, jonka hallituksessa h\u00e4n oli 1962-1965. Kunniaj\u00e4seniksi on lis\u00e4ksi kutsuttu teollisuusneuvos Reino Vuorinen (1983), prof. Teuvo Nortia (1985), apul. prof. Erkki Hakoila (1985), prof. Erkki Euranto (1986), prof. Alpo Kankaanper\u00e4 (1995), ja FT Jarkko Ruohonen (1995). <a href=\"https:\/\/kemianseurat.fi\/turku\/historia\/kunniajasenet\/alpo-kankaanpera-1937-2025\/\">Professori Alpo Kankaanper\u00e4 (1937-2025)<\/a> kutsuttiin kerhon kunniapuheenjohtajaksi vuonna 2000.<\/p>\n<p><img loading=\"lazy\" decoding=\"async\" class=\"aligncenter wp-image-120 size-full\" src=\"https:\/\/kemianseurat.fi\/turku\/wp-content\/uploads\/2019\/01\/kunniajasenet.jpg\" alt=\"\" width=\"358\" height=\"269\" srcset=\"https:\/\/kemianseurat.fi\/turku\/wp-content\/uploads\/2019\/01\/kunniajasenet.jpg 358w, https:\/\/kemianseurat.fi\/turku\/wp-content\/uploads\/2019\/01\/kunniajasenet-300x225.jpg 300w\" sizes=\"auto, (max-width: 358px) 100vw, 358px\" \/><\/p>\n<p>Kerhon 60-vuotisjuhlassa 7.10.2005 kerho kutsui kolme ansioitunutta j\u00e4sent\u00e4\u00e4n kunniaj\u00e4senikseen: FT Timo Nurmen, FT Aarni Tenhosaaren ja Prof. Liisa Kanervan.<\/p>\n<p>Kerhon 70-vuotisjuhlassa 3.10.2015 kutsuttiin kerhon kunniaj\u00e4seniksi kolme ansioitunutta j\u00e4sent\u00e4: FK Heikki Illi, FT Veli-Matti Mukkala sek\u00e4 FT Jouko Vihanto.<\/p>\n\n\n<figure class=\"wp-block-image size-full\"><img loading=\"lazy\" decoding=\"async\" width=\"1022\" height=\"704\" src=\"https:\/\/kemianseurat.fi\/turku\/wp-content\/uploads\/2025\/11\/image-2.png\" alt=\"\" class=\"wp-image-667\" srcset=\"https:\/\/kemianseurat.fi\/turku\/wp-content\/uploads\/2025\/11\/image-2.png 1022w, https:\/\/kemianseurat.fi\/turku\/wp-content\/uploads\/2025\/11\/image-2-300x207.png 300w, https:\/\/kemianseurat.fi\/turku\/wp-content\/uploads\/2025\/11\/image-2-768x529.png 768w\" sizes=\"auto, (max-width: 1022px) 100vw, 1022px\" \/><\/figure>\n\n\n\n<p>Kerhon 80-vuotisjuhlassa 4.10.2025 kutsuttiin kerhon kunniaj\u00e4seniksi kolme ansioitunutta j\u00e4sent\u00e4: Dos. Ari Lehtonen, Em.Prof. Jouko Kankare sek\u00e4 Dos. Harri Hakala<\/p>\n","protected":false},"excerpt":{"rendered":"<p>Ensimm\u00e4iseksi kunniaj\u00e4senekseen kerho kutsui professori Reino Leimun (1904-1981) vuonna 1964 h\u00e4nen t\u00e4ytt\u00e4ess\u00e4\u00e4n 60 vuotta. Kunniapuheenjohtajaksi h\u00e4net kutsuttiin 1970 kerhon 25-vuotisjuhlassa. Prof. Leimu oli kerhon perustajaj\u00e4sen ja toimi kerhon puheenjohtaja kahdesti 1948 ja 1953. Turun yliopiston kemian ja orgaanisen kemian professorina h\u00e4n toimi 1947-1970 ja oli pitk\u00e4n virkakautensa aikana erityisen aktiivinen toimija Turun Kemistikerhossa ja Suomalaisten &hellip; <a href=\"https:\/\/kemianseurat.fi\/turku\/historia\/kunniajasenet\/\" class=\"more-link\">Jatka artikkeliin <span class=\"screen-reader-text\">Kunniaj\u00e4senet<\/span><\/a><\/p>\n","protected":false},"author":1,"featured_media":0,"parent":117,"menu_order":0,"comment_status":"closed","ping_status":"closed","template":"","meta":{"_monsterinsights_skip_tracking":false,"_monsterinsights_sitenote_active":false,"_monsterinsights_sitenote_note":"","_monsterinsights_sitenote_category":0,"footnotes":""},"class_list":["post-119","page","type-page","status-publish","hentry"],"_links":{"self":[{"href":"https:\/\/kemianseurat.fi\/turku\/wp-json\/wp\/v2\/pages\/119","targetHints":{"allow":["GET"]}}],"collection":[{"href":"https:\/\/kemianseurat.fi\/turku\/wp-json\/wp\/v2\/pages"}],"about":[{"href":"https:\/\/kemianseurat.fi\/turku\/wp-json\/wp\/v2\/types\/page"}],"author":[{"embeddable":true,"href":"https:\/\/kemianseurat.fi\/turku\/wp-json\/wp\/v2\/users\/1"}],"replies":[{"embeddable":true,"href":"https:\/\/kemianseurat.fi\/turku\/wp-json\/wp\/v2\/comments?post=119"}],"version-history":[{"count":5,"href":"https:\/\/kemianseurat.fi\/turku\/wp-json\/wp\/v2\/pages\/119\/revisions"}],"predecessor-version":[{"id":695,"href":"https:\/\/kemianseurat.fi\/turku\/wp-json\/wp\/v2\/pages\/119\/revisions\/695"}],"up":[{"embeddable":true,"href":"https:\/\/kemianseurat.fi\/turku\/wp-json\/wp\/v2\/pages\/117"}],"wp:attachment":[{"href":"https:\/\/kemianseurat.fi\/turku\/wp-json\/wp\/v2\/media?parent=119"}],"curies":[{"name":"wp","href":"https:\/\/api.w.org\/{rel}","templated":true}]}}