{"id":117,"date":"2019-01-06T19:31:53","date_gmt":"2019-01-06T17:31:53","guid":{"rendered":"https:\/\/kemianseurat.fi\/turku\/?page_id=117"},"modified":"2026-03-24T13:13:14","modified_gmt":"2026-03-24T11:13:14","slug":"historia","status":"publish","type":"page","link":"https:\/\/kemianseurat.fi\/turku\/historia\/","title":{"rendered":"Historia"},"content":{"rendered":"<p>Suomenkielinen turkulaisten kemistien yhdistystoiminta alkoi vuonna 1935, jolloin perustettiin Turun Yliopiston Kemistit r.y. T\u00e4m\u00e4n yhdistyksen piiriin kuului aluksi my\u00f6s yliopiston opettajakuntaa opiskelijoiden lis\u00e4ksi, mutta teollisuudessa, kouluissa ja muualla yliopiston ulkopuolella toimivat kemistit j\u00e4iv\u00e4t yhdistyksen ulkopuolelle. Ruotsinkielinen Kemiska S\u00e4llskapet i \u00c5bo oli perustettu jo vuonna 1919. Tarvetta suomenkieliselle kaikkia alueen kemistej\u00e4 yhdist\u00e4v\u00e4lle yhdistykselle siis selv\u00e4sti oli.<\/p>\n<p>N\u00e4m\u00e4 seikat johtivat DI Pekka Kontion kutsusta Huhtam\u00e4ki-yhtym\u00e4n toimitalossa 3.10.1945 pidettyyn kokoukseen, johon osallistui kaikkiaan 17 turkulaista kemisti\u00e4. Kokouksessa, jota voidaan pit\u00e4\u00e4 kerhon perustamishetken\u00e4, p\u00e4\u00e4tettiin valita yhdistyksen nimeksi Turun Kemistikerho ja kutsua paikallisissa lehdiss\u00e4 alueen kemistej\u00e4 yhdistyksen varsinaiseen perustamiskokouksen. Lis\u00e4ksi p\u00e4\u00e4tettiin perustaa toimikunta valmistelemaan kerhon s\u00e4\u00e4nt\u00f6j\u00e4 ja harkitsemaan liittymist\u00e4 paikallisseurana Suomalaisten Kemistien Seuraan. Toisessa kokouksessa 31.10.1945 oli paikalla 22 kemisti\u00e4, jotka siis muodostavat kerhon perustajaj\u00e4senist\u00f6n.<\/p>\n<p>Kerholla on t\u00e4ll\u00e4 hetkell\u00e4 (01\/2023) 288 j\u00e4sent\u00e4. Kerho voi lis\u00e4ksi kutsua ansioituneita j\u00e4seni\u00e4\u00e4n kunniaj\u00e4seniksi ja erityisen ansioituneen j\u00e4senens\u00e4 kunniapuheenjohtajaksi. Kerholla on seitsem\u00e4n kunniaj\u00e4sent\u00e4, joista edesmennyt <a href=\"https:\/\/kemianseurat.fi\/turku\/historia\/kunniajasenet\/alpo-kankaanpera-1937-2025\/\">professori emeritus Alpo Kankaanper\u00e4 (1937-2025)<\/a> on ollut viimeksi kutsuttuna kerhon kunniapuheenjohtajaksi.<\/p>\n","protected":false},"excerpt":{"rendered":"<p>Suomenkielinen turkulaisten kemistien yhdistystoiminta alkoi vuonna 1935, jolloin perustettiin Turun Yliopiston Kemistit r.y. T\u00e4m\u00e4n yhdistyksen piiriin kuului aluksi my\u00f6s yliopiston opettajakuntaa opiskelijoiden lis\u00e4ksi, mutta teollisuudessa, kouluissa ja muualla yliopiston ulkopuolella toimivat kemistit j\u00e4iv\u00e4t yhdistyksen ulkopuolelle. Ruotsinkielinen Kemiska S\u00e4llskapet i \u00c5bo oli perustettu jo vuonna 1919. Tarvetta suomenkieliselle kaikkia alueen kemistej\u00e4 yhdist\u00e4v\u00e4lle yhdistykselle siis selv\u00e4sti oli. &hellip; <a href=\"https:\/\/kemianseurat.fi\/turku\/historia\/\" class=\"more-link\">Jatka artikkeliin <span class=\"screen-reader-text\">Historia<\/span><\/a><\/p>\n","protected":false},"author":1,"featured_media":0,"parent":0,"menu_order":0,"comment_status":"closed","ping_status":"closed","template":"","meta":{"_monsterinsights_skip_tracking":false,"_monsterinsights_sitenote_active":false,"_monsterinsights_sitenote_note":"","_monsterinsights_sitenote_category":0,"footnotes":""},"class_list":["post-117","page","type-page","status-publish","hentry"],"_links":{"self":[{"href":"https:\/\/kemianseurat.fi\/turku\/wp-json\/wp\/v2\/pages\/117","targetHints":{"allow":["GET"]}}],"collection":[{"href":"https:\/\/kemianseurat.fi\/turku\/wp-json\/wp\/v2\/pages"}],"about":[{"href":"https:\/\/kemianseurat.fi\/turku\/wp-json\/wp\/v2\/types\/page"}],"author":[{"embeddable":true,"href":"https:\/\/kemianseurat.fi\/turku\/wp-json\/wp\/v2\/users\/1"}],"replies":[{"embeddable":true,"href":"https:\/\/kemianseurat.fi\/turku\/wp-json\/wp\/v2\/comments?post=117"}],"version-history":[{"count":5,"href":"https:\/\/kemianseurat.fi\/turku\/wp-json\/wp\/v2\/pages\/117\/revisions"}],"predecessor-version":[{"id":697,"href":"https:\/\/kemianseurat.fi\/turku\/wp-json\/wp\/v2\/pages\/117\/revisions\/697"}],"wp:attachment":[{"href":"https:\/\/kemianseurat.fi\/turku\/wp-json\/wp\/v2\/media?parent=117"}],"curies":[{"name":"wp","href":"https:\/\/api.w.org\/{rel}","templated":true}]}}