{"id":420,"date":"2023-01-09T08:11:18","date_gmt":"2023-01-09T08:11:18","guid":{"rendered":"https:\/\/kemianseurat.fi\/lkj\/?page_id=420"},"modified":"2023-01-09T08:25:18","modified_gmt":"2023-01-09T08:25:18","slug":"gradupalkinto-2022","status":"publish","type":"page","link":"https:\/\/kemianseurat.fi\/lkj\/?page_id=420","title":{"rendered":"Gradupalkinto 2022"},"content":{"rendered":"\n<p>Suomalaisten kemistien seuran Laskennallisen kemian jaoston vuoden 2022 gradupalkinto my\u00f6nnet\u00e4\u00e4n Perttu Hillan pro gradu -tutkielmalle \u201dMolecular Dynamics of Xenon in Cryptophane-A\u201d. <\/p>\n\n\n\n<p>Perttu Hillan pro gradu -tutkielma on esimerkillinen laskennallisen kemian alan tutkimus. Tutkielma on tehty Oulun yliopistossa Luonnontieteellisess\u00e4 tiedekunnassa. Ty\u00f6ss\u00e4 tutkitaan yht\u00e4 t\u00e4rkeimmist\u00e4 ksenonbiosensoreiden is\u00e4nt\u00e4rakenteista, kryptofaani-A:ta, laskennallisin menetelmin. Tutkielma valottaa sek\u00e4 ksenonin vaihdon energetiikkaa ja reitti\u00e4 ett\u00e4 n\u00e4ihin liittyv\u00e4\u00e4 vesimolekyylien dynamiikkaa. Tutkimus on kokonaisuudessaan laaja ja ensiluokkainen. Tutkielma on kirjoitettu hyvin ja tulokset on esitetty eritt\u00e4in selke\u00e4sti.<\/p>\n\n\n\n<p>Lis\u00e4tietoja ty\u00f6st\u00e4 on saatavilla osoitteesta <a href=\"http:\/\/urn.fi\/URN:NBN:fi:oulu-202112089256\" target=\"_blank\" rel=\"noreferrer noopener\">http:\/\/urn.fi\/URN:NBN:fi:oulu-202112089256<\/a><\/p>\n","protected":false},"excerpt":{"rendered":"<p>Suomalaisten kemistien seuran Laskennallisen kemian jaoston vuoden 2022 gradupalkinto my\u00f6nnet\u00e4\u00e4n Perttu Hillan pro gradu -tutkielmalle \u201dMolecular Dynamics of Xenon in Cryptophane-A\u201d. Perttu Hillan pro gradu -tutkielma on esimerkillinen laskennallisen kemian alan tutkimus. Tutkielma on tehty Oulun yliopistossa Luonnontieteellisess\u00e4 tiedekunnassa. Ty\u00f6ss\u00e4 tutkitaan yht\u00e4 t\u00e4rkeimmist\u00e4 ksenonbiosensoreiden is\u00e4nt\u00e4rakenteista, kryptofaani-A:ta, laskennallisin menetelmin. Tutkielma valottaa sek\u00e4 ksenonin vaihdon energetiikkaa ja <a class=\"read-more\" href=\"https:\/\/kemianseurat.fi\/lkj\/?page_id=420\">READ MORE<\/a><\/p>\n","protected":false},"author":3,"featured_media":0,"parent":36,"menu_order":0,"comment_status":"closed","ping_status":"closed","template":"","meta":{"footnotes":""},"class_list":["post-420","page","type-page","status-publish","hentry"],"_links":{"self":[{"href":"https:\/\/kemianseurat.fi\/lkj\/index.php?rest_route=\/wp\/v2\/pages\/420","targetHints":{"allow":["GET"]}}],"collection":[{"href":"https:\/\/kemianseurat.fi\/lkj\/index.php?rest_route=\/wp\/v2\/pages"}],"about":[{"href":"https:\/\/kemianseurat.fi\/lkj\/index.php?rest_route=\/wp\/v2\/types\/page"}],"author":[{"embeddable":true,"href":"https:\/\/kemianseurat.fi\/lkj\/index.php?rest_route=\/wp\/v2\/users\/3"}],"replies":[{"embeddable":true,"href":"https:\/\/kemianseurat.fi\/lkj\/index.php?rest_route=%2Fwp%2Fv2%2Fcomments&post=420"}],"version-history":[{"count":2,"href":"https:\/\/kemianseurat.fi\/lkj\/index.php?rest_route=\/wp\/v2\/pages\/420\/revisions"}],"predecessor-version":[{"id":423,"href":"https:\/\/kemianseurat.fi\/lkj\/index.php?rest_route=\/wp\/v2\/pages\/420\/revisions\/423"}],"up":[{"embeddable":true,"href":"https:\/\/kemianseurat.fi\/lkj\/index.php?rest_route=\/wp\/v2\/pages\/36"}],"wp:attachment":[{"href":"https:\/\/kemianseurat.fi\/lkj\/index.php?rest_route=%2Fwp%2Fv2%2Fmedia&parent=420"}],"curies":[{"name":"wp","href":"https:\/\/api.w.org\/{rel}","templated":true}]}}