{"id":417,"date":"2023-01-09T08:10:19","date_gmt":"2023-01-09T08:10:19","guid":{"rendered":"https:\/\/kemianseurat.fi\/lkj\/?page_id=417"},"modified":"2023-01-09T14:13:45","modified_gmt":"2023-01-09T14:13:45","slug":"gradupalkinto-2021","status":"publish","type":"page","link":"https:\/\/kemianseurat.fi\/lkj\/?page_id=417","title":{"rendered":"Gradupalkinto 2021"},"content":{"rendered":"\n<p>Suomalaisten kemistien seuran Laskennallisen kemian jaoston vuoden 2021 gradupalkinto my\u00f6nnet\u00e4\u00e4n Adam Harmatin diplomity\u00f6lle &#8221;Molecular Dynamics Simulations on the Effect of Peptide Secondary Structure and Substrate Charge on Adsorption at Silica Surface&#8221;.<\/p>\n\n\n\n<p>Lis\u00e4tietoja ty\u00f6st\u00e4 on saatavilla osoitteesta <a href=\"http:\/\/urn.fi\/URN:NBN:fi:aalto-202109059035\">http:\/\/urn.fi\/URN:NBN:fi:aalto-202109059035<\/a><\/p>\n\n\n\n<h2 class=\"wp-block-heading\">Kunniamaininta 2021<\/h2>\n\n\n\n<p>Laskennallisen kemian jaosto my\u00f6nsi samassa yhteydess\u00e4 my\u00f6s kunniamaininnan ansiokkaasta lopputy\u00f6st\u00e4 Kim Eklundin diplomity\u00f6lle &#8221;Modelling pyroelectricity with first-principles quantum chemical calculations&#8221;.<\/p>\n\n\n\n<p>Kim Eklundin diplomity\u00f6 on esimerkillinen maisteritason lopputy\u00f6 laskennallisen kemian alalta. Ty\u00f6 on tehty Aalto-yliopiston Kemian tekniikan korkeakoulussa. Ty\u00f6ss\u00e4 mallinnetaan pyros\u00e4hk\u00f6isyytt\u00e4\u00a0<em>ab initio<\/em>-kvanttimekaanisia laskelmia k\u00e4ytt\u00e4en. Diplomity\u00f6n aihe on yhteiskunnallisesti perusteltu, sill\u00e4 pyros\u00e4hk\u00f6isi\u00e4 materiaaleja voidaan hy\u00f6dynt\u00e4\u00e4 niin detektoreissa kuin sensoreissakin ja mahdollisesti jopa energiankeruussa ja katalyysiss\u00e4. Ty\u00f6n kirjallinen selvitys on laaja ja huolellisesti tehty. Ty\u00f6ss\u00e4 saavutettuja laskennallisia tuloksia verrataan my\u00f6s kokeellisiin tuloksiin, mik\u00e4 osoittaa Eklundin laajan ymm\u00e4rryksen aiheesta.\u00a0<\/p>\n\n\n\n<p>Lis\u00e4tietoja ty\u00f6st\u00e4 on saatavilla osoitteesta <a href=\"http:\/\/urn.fi\/URN:NBN:fi:aalto-202109059017\">http:\/\/urn.fi\/URN:NBN:fi:aalto-202109059017<\/a><\/p>\n","protected":false},"excerpt":{"rendered":"<p>Suomalaisten kemistien seuran Laskennallisen kemian jaoston vuoden 2021 gradupalkinto my\u00f6nnet\u00e4\u00e4n Adam Harmatin diplomity\u00f6lle &#8221;Molecular Dynamics Simulations on the Effect of Peptide Secondary Structure and Substrate Charge on Adsorption at Silica Surface&#8221;. Lis\u00e4tietoja ty\u00f6st\u00e4 on saatavilla osoitteesta http:\/\/urn.fi\/URN:NBN:fi:aalto-202109059035 Kunniamaininta 2021 Laskennallisen kemian jaosto my\u00f6nsi samassa yhteydess\u00e4 my\u00f6s kunniamaininnan ansiokkaasta lopputy\u00f6st\u00e4 Kim Eklundin diplomity\u00f6lle &#8221;Modelling pyroelectricity with <a class=\"read-more\" href=\"https:\/\/kemianseurat.fi\/lkj\/?page_id=417\">READ MORE<\/a><\/p>\n","protected":false},"author":3,"featured_media":0,"parent":36,"menu_order":1,"comment_status":"closed","ping_status":"closed","template":"","meta":{"footnotes":""},"class_list":["post-417","page","type-page","status-publish","hentry"],"_links":{"self":[{"href":"https:\/\/kemianseurat.fi\/lkj\/index.php?rest_route=\/wp\/v2\/pages\/417","targetHints":{"allow":["GET"]}}],"collection":[{"href":"https:\/\/kemianseurat.fi\/lkj\/index.php?rest_route=\/wp\/v2\/pages"}],"about":[{"href":"https:\/\/kemianseurat.fi\/lkj\/index.php?rest_route=\/wp\/v2\/types\/page"}],"author":[{"embeddable":true,"href":"https:\/\/kemianseurat.fi\/lkj\/index.php?rest_route=\/wp\/v2\/users\/3"}],"replies":[{"embeddable":true,"href":"https:\/\/kemianseurat.fi\/lkj\/index.php?rest_route=%2Fwp%2Fv2%2Fcomments&post=417"}],"version-history":[{"count":2,"href":"https:\/\/kemianseurat.fi\/lkj\/index.php?rest_route=\/wp\/v2\/pages\/417\/revisions"}],"predecessor-version":[{"id":431,"href":"https:\/\/kemianseurat.fi\/lkj\/index.php?rest_route=\/wp\/v2\/pages\/417\/revisions\/431"}],"up":[{"embeddable":true,"href":"https:\/\/kemianseurat.fi\/lkj\/index.php?rest_route=\/wp\/v2\/pages\/36"}],"wp:attachment":[{"href":"https:\/\/kemianseurat.fi\/lkj\/index.php?rest_route=%2Fwp%2Fv2%2Fmedia&parent=417"}],"curies":[{"name":"wp","href":"https:\/\/api.w.org\/{rel}","templated":true}]}}