{"id":18,"date":"2014-04-28T17:00:13","date_gmt":"2014-04-28T17:00:13","guid":{"rendered":"http:\/\/kemianseurat.fi\/lkj\/?page_id=18"},"modified":"2019-01-02T14:20:52","modified_gmt":"2019-01-02T14:20:52","slug":"jaoston-saannot","status":"publish","type":"page","link":"https:\/\/kemianseurat.fi\/lkj\/?page_id=18","title":{"rendered":"Jaoston s\u00e4\u00e4nn\u00f6t"},"content":{"rendered":"<p>1 \u00a7 Laskennallisen kemian jaosto toimii Suomen Kemian Seuran alaisena ja sen nimi on Laskennallisen kemian jaosto (ruotsiksi Sektionen f\u00f6r datorst\u00f6dd kemi, engl. Section for computational chemistry).<\/p>\n<p>2 \u00a7 Jaoston tarkoituksena on toimia valtakunnallisena yhdyssiteen\u00e4 laskennallista kemiaa tutkimuksessa ja opetuksessa soveltavien henkil\u00f6iden ja yhteis\u00f6jen v\u00e4lill\u00e4. Jaosto harjoittaa koulutus-, tiedotus- ja julkaisutoimintaa, jakaa informaatiota sek\u00e4 pyrkii laskennallisen kemian tunnettavuuden kehitt\u00e4miseen. Jaosto tekee my\u00f6s kansallista ja kansainv\u00e4list\u00e4 yhteisty\u00f6t\u00e4 laskennallisen kemian alalla.<\/p>\n<p>3 \u00a7 Jaoston j\u00e4seniksi voidaan hyv\u00e4ksy\u00e4 Suomen Kemian Seuran j\u00e4senj\u00e4rjest\u00f6jen j\u00e4senet sek\u00e4 henkil\u00f6t, jotka ovat kiinnostuneita laskennallisesta kemiasta.<\/p>\n<p>4 \u00a7 Jaoston toimintaa johtaa jaoston j\u00e4senist\u00e4 valittu hallitus. Hallituksen muodostavat puheenjohtaja, sihteeri (joka toimii my\u00f6s rahastonhoitajana) ja 2-4 j\u00e4sent\u00e4. Hallitus valitaan jaoston vuosikokouksessa yhdeksi kalenterivuodeksi kerrallaan. Jaoston nimenkirjoitusoikeus on jaoston puheenjohtajalla tai sihteerill\u00e4.<\/p>\n<p>5 \u00a7 Vuosikokous p\u00e4\u00e4tt\u00e4\u00e4 s\u00e4\u00e4nt\u00f6jen muutoksista. Vuosikokous on p\u00e4\u00e4t\u00f6svaltainen kun l\u00e4sn\u00e4 on useampi kuin kolme jaoston j\u00e4sent\u00e4.<\/p>\n<p>6 \u00a7 Muissa kohdissa noudatetaan Suomen Kemian Seuran s\u00e4\u00e4nt\u00f6j\u00e4.<\/p>\n<p>N\u00e4m\u00e4 s\u00e4\u00e4nn\u00f6t on alun perin hyv\u00e4ksytty jaoston kokouksessa 13.12.2004 ja niit\u00e4 on p\u00e4ivitetty jaoston kokouksessa 12.12.2018.<\/p>\n","protected":false},"excerpt":{"rendered":"<p>1 \u00a7 Laskennallisen kemian jaosto toimii Suomen Kemian Seuran alaisena ja sen nimi on Laskennallisen kemian jaosto (ruotsiksi Sektionen f\u00f6r datorst\u00f6dd kemi, engl. Section for computational chemistry). 2 \u00a7 Jaoston tarkoituksena on toimia valtakunnallisena yhdyssiteen\u00e4 laskennallista kemiaa tutkimuksessa ja opetuksessa soveltavien henkil\u00f6iden ja yhteis\u00f6jen v\u00e4lill\u00e4. Jaosto harjoittaa koulutus-, tiedotus- ja julkaisutoimintaa, jakaa informaatiota sek\u00e4 pyrkii <a class=\"read-more\" href=\"https:\/\/kemianseurat.fi\/lkj\/?page_id=18\">READ MORE<\/a><\/p>\n","protected":false},"author":2,"featured_media":0,"parent":0,"menu_order":4,"comment_status":"closed","ping_status":"closed","template":"","meta":{"footnotes":""},"class_list":["post-18","page","type-page","status-publish","hentry"],"_links":{"self":[{"href":"https:\/\/kemianseurat.fi\/lkj\/index.php?rest_route=\/wp\/v2\/pages\/18","targetHints":{"allow":["GET"]}}],"collection":[{"href":"https:\/\/kemianseurat.fi\/lkj\/index.php?rest_route=\/wp\/v2\/pages"}],"about":[{"href":"https:\/\/kemianseurat.fi\/lkj\/index.php?rest_route=\/wp\/v2\/types\/page"}],"author":[{"embeddable":true,"href":"https:\/\/kemianseurat.fi\/lkj\/index.php?rest_route=\/wp\/v2\/users\/2"}],"replies":[{"embeddable":true,"href":"https:\/\/kemianseurat.fi\/lkj\/index.php?rest_route=%2Fwp%2Fv2%2Fcomments&post=18"}],"version-history":[{"count":3,"href":"https:\/\/kemianseurat.fi\/lkj\/index.php?rest_route=\/wp\/v2\/pages\/18\/revisions"}],"predecessor-version":[{"id":204,"href":"https:\/\/kemianseurat.fi\/lkj\/index.php?rest_route=\/wp\/v2\/pages\/18\/revisions\/204"}],"wp:attachment":[{"href":"https:\/\/kemianseurat.fi\/lkj\/index.php?rest_route=%2Fwp%2Fv2%2Fmedia&parent=18"}],"curies":[{"name":"wp","href":"https:\/\/api.w.org\/{rel}","templated":true}]}}