{"id":97,"date":"2017-02-22T10:48:27","date_gmt":"2017-02-22T08:48:27","guid":{"rendered":"http:\/\/kemianseurat.fi\/kty\/?page_id=97"},"modified":"2017-02-22T10:54:53","modified_gmt":"2017-02-22T08:54:53","slug":"palkinnon-saannot","status":"publish","type":"page","link":"https:\/\/kemianseurat.fi\/kty\/ktyn-palkinto\/palkinnon-saannot\/","title":{"rendered":"Palkinnon s\u00e4\u00e4nn\u00f6t"},"content":{"rendered":"<h2>Kemiantekniikan palkinnon s\u00e4\u00e4nn\u00f6t<\/h2>\n<p>1\u00a7<\/p>\n<p>Vuonna 1995 perustettu Kemiantekniikan palkinto &#8211; Kemisktekniska priset on Kemiallisteknillisen yhdistyksen tunnustus lisensiaatti- tai v\u00e4it\u00f6skirjaty\u00f6st\u00e4 kemian tekniikan alalta.<\/p>\n<p>2\u00a7<\/p>\n<p>Palkinto jaetaan joka toinen vuosi. Siihen liittyy tunnustusmaininnan lis\u00e4ksi suuruudeltaan 2000 euron stipendi. Yhdistyksen hallituksen tulee korjata stipendisummaa inflaatiota vastaavasti sopiviksi katsotuin aikajaksoin.<\/p>\n<p>3\u00a7<\/p>\n<p>Kemiantekniikan palkinnon (Kemisktekniska priset) jakamista varten yhdistyksen hallitus asettaa keskuudestaan kolmij\u00e4senisen toimikunnan, joka tekee hallitukselle ehdotuksen kuluneiden kahden vuoden aikana valmistuneista opinn\u00e4ytteist\u00e4 valitusta ty\u00f6st\u00e4 kuultuaan alan professoreja. Hallitus p\u00e4\u00e4tt\u00e4\u00e4 palkinnon saajan, joka voi olla eri kuin toimikunnan ehdottama.<\/p>\n<p>4\u00a7<\/p>\n<p>Kemiantekniikan palkinnon &#8211; Kemisktekniska priset antaminen tapahtuu Kemiallisteknillisen Yhdistyksen hallituksen p\u00e4\u00e4tt\u00e4m\u00e4ll\u00e4 tavalla joko yhdistyksen varsinaisessa tai ylim\u00e4\u00e4r\u00e4isess\u00e4 kokouksessa, merkitt\u00e4v\u00e4ksi luonnehdittavan seminaarin yhteydess\u00e4 taikka erityisess\u00e4 juhlatilaisuudessa.<\/p>\n","protected":false},"excerpt":{"rendered":"<p>Kemiantekniikan palkinnon s\u00e4\u00e4nn\u00f6t 1\u00a7 Vuonna 1995 perustettu Kemiantekniikan palkinto &#8211; Kemisktekniska priset on Kemiallisteknillisen yhdistyksen tunnustus lisensiaatti- tai v\u00e4it\u00f6skirjaty\u00f6st\u00e4 kemian tekniikan alalta. 2\u00a7 Palkinto jaetaan joka toinen vuosi. Siihen liittyy tunnustusmaininnan lis\u00e4ksi suuruudeltaan 2000 euron stipendi. Yhdistyksen hallituksen tulee korjata stipendisummaa inflaatiota vastaavasti sopiviksi katsotuin aikajaksoin. 3\u00a7 Kemiantekniikan palkinnon (Kemisktekniska priset) jakamista varten yhdistyksen hallitus &hellip; <\/p>\n<p class=\"link-more\"><a href=\"https:\/\/kemianseurat.fi\/kty\/ktyn-palkinto\/palkinnon-saannot\/\" class=\"more-link\">Jatka lukemista<span class=\"screen-reader-text\"> &#8221;Palkinnon s\u00e4\u00e4nn\u00f6t&#8221;<\/span><\/a><\/p>\n","protected":false},"author":1,"featured_media":0,"parent":35,"menu_order":0,"comment_status":"closed","ping_status":"closed","template":"","meta":{"footnotes":""},"class_list":["post-97","page","type-page","status-publish","hentry"],"_links":{"self":[{"href":"https:\/\/kemianseurat.fi\/kty\/wp-json\/wp\/v2\/pages\/97","targetHints":{"allow":["GET"]}}],"collection":[{"href":"https:\/\/kemianseurat.fi\/kty\/wp-json\/wp\/v2\/pages"}],"about":[{"href":"https:\/\/kemianseurat.fi\/kty\/wp-json\/wp\/v2\/types\/page"}],"author":[{"embeddable":true,"href":"https:\/\/kemianseurat.fi\/kty\/wp-json\/wp\/v2\/users\/1"}],"replies":[{"embeddable":true,"href":"https:\/\/kemianseurat.fi\/kty\/wp-json\/wp\/v2\/comments?post=97"}],"version-history":[{"count":3,"href":"https:\/\/kemianseurat.fi\/kty\/wp-json\/wp\/v2\/pages\/97\/revisions"}],"predecessor-version":[{"id":104,"href":"https:\/\/kemianseurat.fi\/kty\/wp-json\/wp\/v2\/pages\/97\/revisions\/104"}],"up":[{"embeddable":true,"href":"https:\/\/kemianseurat.fi\/kty\/wp-json\/wp\/v2\/pages\/35"}],"wp:attachment":[{"href":"https:\/\/kemianseurat.fi\/kty\/wp-json\/wp\/v2\/media?parent=97"}],"curies":[{"name":"wp","href":"https:\/\/api.w.org\/{rel}","templated":true}]}}