{"id":4,"date":"2017-02-21T14:43:53","date_gmt":"2017-02-21T12:43:53","guid":{"rendered":"http:\/\/kemianseurat.fi\/kty\/?page_id=4"},"modified":"2024-02-02T08:00:47","modified_gmt":"2024-02-02T06:00:47","slug":"jaseneksi","status":"publish","type":"page","link":"https:\/\/kemianseurat.fi\/kty\/jaseneksi\/","title":{"rendered":"J\u00e4seneksi"},"content":{"rendered":"<h2>J\u00e4seneksi liittyminen<\/h2>\n<p>Kemiallisteknillisen yhdistyksen j\u00e4senet hyv\u00e4ksyy yhdistyksen hallitus hakemusten perusteella.<\/p>\n<p><a href=\"https:\/\/core.flomembers.com\/kemianseura\/members\/application\/createApplication\">\u00bb\u00a0Avaa j\u00e4senhakemus t\u00e4st\u00e4<\/a><\/p>\n<hr \/>\n<h2>J\u00e4senedut<\/h2>\n<h3>Mik\u00e4 KTY on?<\/h3>\n<ul>\n<li>Kemianteollisuuden ja kemian tekniikan parissa ty\u00f6skentelevien yhdysside<\/li>\n<li>Kemian tekniikan alan arvostuksen ja ammatillisen kehityksen edist\u00e4j\u00e4<br \/>\nSuomen Kemian Seuran j\u00e4senyhdistys<\/li>\n<li>Yhdysside kemian tekniikan alan kansainv\u00e4lisiin j\u00e4rjest\u00f6ihin, kuten alansa eurooppalaiseen j\u00e4rjest\u00f6\u00f6n EFCEen (European Federation of Chemical Engineering) ja Pohjoismaisiin sisarj\u00e4rjest\u00f6ihin<\/li>\n<\/ul>\n<h3>Mit\u00e4 KTY tekee?<\/h3>\n<ul>\n<li>J\u00e4rjest\u00e4\u00e4 esitelm\u00e4- ja koulutustilaisuuksia<\/li>\n<li>J\u00e4rjest\u00e4\u00e4 joka toinen vuosi Chemical Engineerin Seminar -tapahtuman<\/li>\n<li>J\u00e4rjest\u00e4\u00e4 vuorovuosin edellisen kanssa Prosessikehitysp\u00e4iv\u00e4-tapahtuman<\/li>\n<li>Vaikuttaa alansa koulutukseen ja jatkokoulutukseen<\/li>\n<li>Hoitaa alansa ulkomaisia kontakteja<\/li>\n<\/ul>\n<h3>Kuka voi liitty\u00e4 j\u00e4seneksi?<\/h3>\n<ul>\n<li>Varsinaiseksi j\u00e4seneksi voi liitty\u00e4 kemian tekniikan alalla toimiva henkil\u00f6, jolla on korkeakoulututkintoon tai alalla toimintaan perustuva p\u00e4tevyys<\/li>\n<li>Nuoreksi j\u00e4seneksi voi liitty\u00e4 korkeakoulun tai yliopiston teknillisen tiedekunnan opiskelija<\/li>\n<li>Kannattavaksi j\u00e4seneksi voi ilmoittautua kemian tekniikan alalla toimiva oikeuskelpoinen yhteis\u00f6<\/li>\n<\/ul>\n<h3>Mit\u00e4 etua j\u00e4senyydest\u00e4 on?<\/h3>\n<ul>\n<li>Kemia-Kemi -lehti tulee j\u00e4senille ilman eri veloitusta<\/li>\n<li>Chemical Engineering Seminar -tapahtumaan j\u00e4senhintaan<\/li>\n<li>Prosessikehitysp\u00e4iv\u00e4-tapahtumaan j\u00e4senhintaan<\/li>\n<li>Kemian P\u00e4iville j\u00e4senhintaan<\/li>\n<li>Edulliset messu- ja kongressimatkat<\/li>\n<li>J\u00e4senalennus EFCEn kongresseihin, esimerkiksi ACHEMA-messuille<\/li>\n<\/ul>\n<hr \/>\n<h2>J\u00e4senasiat<\/h2>\n<h3>Osoitteenmuutokset<\/h3>\n<p>Osoitteenmuutokset suoraan Kemian Seuraan<br \/>\ntoimisto@kemianseura.fi<\/p>\n<h3>Yhdistyksest\u00e4 eroaminen<\/h3>\n<p>Hallitus my\u00f6nt\u00e4\u00e4 eron vapaamuotoisen, kirjallisen ilmoituksen perusteella.<\/p>\n<h3>J\u00e4senkirjeet<\/h3>\n<p>Aina tarpeen mukaan yhdistys l\u00e4hett\u00e4\u00e4 j\u00e4senilleen my\u00f6s j\u00e4senkirjeit\u00e4.<\/p>\n","protected":false},"excerpt":{"rendered":"<p>J\u00e4seneksi liittyminen Kemiallisteknillisen yhdistyksen j\u00e4senet hyv\u00e4ksyy yhdistyksen hallitus hakemusten perusteella. \u00bb\u00a0Avaa j\u00e4senhakemus t\u00e4st\u00e4 J\u00e4senedut Mik\u00e4 KTY on? Kemianteollisuuden ja kemian tekniikan parissa ty\u00f6skentelevien yhdysside Kemian tekniikan alan arvostuksen ja ammatillisen kehityksen edist\u00e4j\u00e4 Suomen Kemian Seuran j\u00e4senyhdistys Yhdysside kemian tekniikan alan kansainv\u00e4lisiin j\u00e4rjest\u00f6ihin, kuten alansa eurooppalaiseen j\u00e4rjest\u00f6\u00f6n EFCEen (European Federation of Chemical Engineering) ja Pohjoismaisiin sisarj\u00e4rjest\u00f6ihin &hellip; <\/p>\n<p class=\"link-more\"><a href=\"https:\/\/kemianseurat.fi\/kty\/jaseneksi\/\" class=\"more-link\">Jatka lukemista<span class=\"screen-reader-text\"> &#8221;J\u00e4seneksi&#8221;<\/span><\/a><\/p>\n","protected":false},"author":1,"featured_media":0,"parent":0,"menu_order":0,"comment_status":"closed","ping_status":"closed","template":"","meta":{"footnotes":""},"class_list":["post-4","page","type-page","status-publish","hentry"],"_links":{"self":[{"href":"https:\/\/kemianseurat.fi\/kty\/wp-json\/wp\/v2\/pages\/4","targetHints":{"allow":["GET"]}}],"collection":[{"href":"https:\/\/kemianseurat.fi\/kty\/wp-json\/wp\/v2\/pages"}],"about":[{"href":"https:\/\/kemianseurat.fi\/kty\/wp-json\/wp\/v2\/types\/page"}],"author":[{"embeddable":true,"href":"https:\/\/kemianseurat.fi\/kty\/wp-json\/wp\/v2\/users\/1"}],"replies":[{"embeddable":true,"href":"https:\/\/kemianseurat.fi\/kty\/wp-json\/wp\/v2\/comments?post=4"}],"version-history":[{"count":4,"href":"https:\/\/kemianseurat.fi\/kty\/wp-json\/wp\/v2\/pages\/4\/revisions"}],"predecessor-version":[{"id":361,"href":"https:\/\/kemianseurat.fi\/kty\/wp-json\/wp\/v2\/pages\/4\/revisions\/361"}],"wp:attachment":[{"href":"https:\/\/kemianseurat.fi\/kty\/wp-json\/wp\/v2\/media?parent=4"}],"curies":[{"name":"wp","href":"https:\/\/api.w.org\/{rel}","templated":true}]}}