{"id":126,"date":"2025-12-03T08:52:44","date_gmt":"2025-12-03T08:52:44","guid":{"rendered":"https:\/\/kemianseurat.fi\/koj\/?page_id=126"},"modified":"2025-12-03T08:58:31","modified_gmt":"2025-12-03T08:58:31","slug":"tapahtumat","status":"publish","type":"page","link":"https:\/\/kemianseurat.fi\/koj\/tapahtumat\/","title":{"rendered":"Tapahtumat"},"content":{"rendered":"\n<p><strong>2025<br><\/strong>5.6. Vuosikokous 2025 (<a href=\"https:\/\/kemianseurat.fi\/koj\/wp-content\/uploads\/2025\/12\/2024-vuosikokous-poytakirja.pdf\" data-type=\"link\" data-id=\"https:\/\/kemianseurat.fi\/koj\/wp-content\/uploads\/2025\/12\/2024-vuosikokous-poytakirja.pdf\">p\u00f6yt\u00e4kirja<\/a>)<\/p>\n\n\n\n<p><strong>2024<\/strong><br>16.5. Luento: Chemistry is Needed to Address Global Problems, So What About Students?: Contemporary Complexities Demand that No One Be Excluded (Professor Ozcan Gulacar from University of California, USA)<br>11.4. Vuosikokous 2024.<br>11.4. <a href=\"https:\/\/kemianseurat.fi\/koj\/kemian-paivat\/kemian-paivat-2024\/\" data-type=\"page\" data-id=\"33\">Kemian P\u00e4ivien seminaari: Kest\u00e4v\u00e4 kemia opetuksessa<\/a><\/p>\n\n\n\n<p><strong>2023<\/strong><br>25.4. Vuosikokous 2023. <a href=\"https:\/\/kemianseurat.fi\/koj\/wp-content\/uploads\/2025\/12\/2023-vuosikokous-poytakirja-verkkoon.pdf\">P\u00f6yt\u00e4kirja<\/a>.<\/p>\n\n\n\n<p><strong>2022<\/strong><br>16.9. Kemian tiedekasvatuksen p\u00e4iv\u00e4t I, Helsinki<br>26.4.<strong> <\/strong>Vuosikokous 2022. <a href=\"https:\/\/kemianseurat.fi\/koj\/wp-content\/uploads\/2025\/12\/2022-vuosikokous-poytakirja-verkkoon.pdf\">P\u00f6yt\u00e4kirja<\/a>.<\/p>\n\n\n\n<p><strong>2021<\/strong><br>28.4. Vuosikokous 2021. <a href=\"https:\/\/kemianseurat.fi\/koj\/wp-content\/uploads\/2025\/12\/2021-vuosikokous-poytakirja.pdf\">P\u00f6yt\u00e4kirja<\/a>.<\/p>\n\n\n\n<p><strong>2020<\/strong><br>12.11. Kemian opetuksen tutkimusseminaari (Yhteisty\u00f6ss\u00e4 LUMAT-tutkimusfoorumin kanssa, verkkotapahtuma)<br>30.3. Vuosikokous 2020. <a href=\"https:\/\/kemianseurat.fi\/koj\/wp-content\/uploads\/2025\/12\/2020-KOJ-toimintakertomus.pdf\">Esityslista<\/a>.<br>28.2. Vierailu: Fortum, Riihim\u00e4ki (Yhteisty\u00f6ss\u00e4 Kemian opettajankoulutusyksik\u00f6n (Helsingin yliopisto) kanssa)<br>9.1. Vierailu: Viikinm\u00e4en j\u00e4tevedenpuhdistamo<\/p>\n\n\n\n<p><strong>2019<\/strong><br>8.10. Kyll\u00e4 kemisti l\u00f6yt\u00e4\u00e4. Lukiolaisille suunnattu tapahtuma Helsingin tiedekulmassa. Yhten\u00e4 puhujana jaoston puheenjohtaja Johannes Pernaa.\u00a0\u00a0<br>15.5. FKS vierailee \u00c4mmansuon j\u00e4tteenk\u00e4sittelylaitoksella. Linja-autoon varattiin muutama paikka KOJ:n j\u00e4senille. Tekniikan tohtori Jukka Matinvesi toimi vierailun oppaana.<br>28.3. Kemian p\u00e4iv\u00e4t 2019, Kemian korkeakouluopetuksen kehitt\u00e4minen yritysyhteisty\u00f6n kautta -seminaari. <a href=\"https:\/\/helsinkifi-my.sharepoint.com\/:b:\/g\/personal\/pernaa_ad_helsinki_fi\/EarYWFGi5QpHhy02rhBD7_sB2byD_lfeSwgo09v4Iybr_g?e=ahfKxC\">Tutustu ohjelmaan<\/a>.<br>13.3. Vuosikokous 2019, Ohjelma: Vuosikokous, tutustuminen <a href=\"https:\/\/junior.aalto.fi\/\">Aalto Junior -laboratorioon<\/a>, illallinen <a href=\"https:\/\/ravintolafatlizard.fi\/\">Fat Lizard -ravintolassa<\/a><\/p>\n\n\n\n<p><strong>2018<\/strong><br>14.12. Yritysvierailu: Fazer, teemana suklaan kemia (<a href=\"https:\/\/helsinkifi-my.sharepoint.com\/:b:\/g\/personal\/pernaa_ad_helsinki_fi\/Ea97TkO65WZAsATsmxLIk4EBBOz8pdaUFsh9ReQEwxX_qw?e=bQke4R\">pdf<\/a>)<br>16.5. Yritysvierailu: Stadin panimo, teemana oluen kemia<br>8.3. Vuosikokous 2018 ja yritysvierailu Bernerille<\/p>\n\n\n\n<p><\/p>\n","protected":false},"excerpt":{"rendered":"<p>20255.6. Vuosikokous 2025 (p\u00f6yt\u00e4kirja) 202416.5. Luento: Chemistry is Needed to Address Global Problems, So What About Students?: Contemporary Complexities Demand that No One Be Excluded (Professor Ozcan Gulacar from University of California, USA)11.4. Vuosikokous 2024.11.4. Kemian P\u00e4ivien seminaari: Kest\u00e4v\u00e4 kemia opetuksessa 202325.4. Vuosikokous 2023. P\u00f6yt\u00e4kirja. 202216.9. Kemian tiedekasvatuksen p\u00e4iv\u00e4t I, Helsinki26.4. Vuosikokous 2022. P\u00f6yt\u00e4kirja. 202128.4. Vuosikokous 2021. P\u00f6yt\u00e4kirja. 202012.11. Kemian opetuksen tutkimusseminaari (Yhteisty\u00f6ss\u00e4 LUMAT-tutkimusfoorumin kanssa, verkkotapahtuma)30.3. Vuosikokous 2020. Esityslista.28.2. Vierailu: Fortum, Riihim\u00e4ki (Yhteisty\u00f6ss\u00e4 Kemian opettajankoulutusyksik\u00f6n (Helsingin yliopisto) kanssa)9.1. Vierailu: Viikinm\u00e4en j\u00e4tevedenpuhdistamo 20198.10. Kyll\u00e4 kemisti l\u00f6yt\u00e4\u00e4. Lukiolaisille suunnattu tapahtuma Helsingin tiedekulmassa. Yhten\u00e4 puhujana jaoston puheenjohtaja Johannes Pernaa.\u00a0\u00a015.5. FKS vierailee \u00c4mmansuon j\u00e4tteenk\u00e4sittelylaitoksella. Linja-autoon varattiin muutama paikka KOJ:n j\u00e4senille. Tekniikan tohtori Jukka Matinvesi toimi vierailun oppaana.28.3. Kemian p\u00e4iv\u00e4t 2019, Kemian korkeakouluopetuksen kehitt\u00e4minen yritysyhteisty\u00f6n kautta -seminaari. Tutustu ohjelmaan.13.3. Vuosikokous 2019, Ohjelma: Vuosikokous, tutustuminen Aalto Junior -laboratorioon, illallinen Fat Lizard -ravintolassa 201814.12. Yritysvierailu: Fazer, teemana suklaan kemia (pdf)16.5. Yritysvierailu: Stadin panimo, teemana oluen kemia8.3. Vuosikokous&hellip;<\/p>\n<p> <a class=\"more-link\" href=\"https:\/\/kemianseurat.fi\/koj\/tapahtumat\/\">Lue Lis\u00e4\u00e4<\/a><\/p>\n","protected":false},"author":2,"featured_media":0,"parent":0,"menu_order":0,"comment_status":"closed","ping_status":"closed","template":"","meta":{"footnotes":""},"class_list":["post-126","page","type-page","status-publish"],"_links":{"self":[{"href":"https:\/\/kemianseurat.fi\/koj\/wp-json\/wp\/v2\/pages\/126","targetHints":{"allow":["GET"]}}],"collection":[{"href":"https:\/\/kemianseurat.fi\/koj\/wp-json\/wp\/v2\/pages"}],"about":[{"href":"https:\/\/kemianseurat.fi\/koj\/wp-json\/wp\/v2\/types\/page"}],"author":[{"embeddable":true,"href":"https:\/\/kemianseurat.fi\/koj\/wp-json\/wp\/v2\/users\/2"}],"replies":[{"embeddable":true,"href":"https:\/\/kemianseurat.fi\/koj\/wp-json\/wp\/v2\/comments?post=126"}],"version-history":[{"count":2,"href":"https:\/\/kemianseurat.fi\/koj\/wp-json\/wp\/v2\/pages\/126\/revisions"}],"predecessor-version":[{"id":137,"href":"https:\/\/kemianseurat.fi\/koj\/wp-json\/wp\/v2\/pages\/126\/revisions\/137"}],"wp:attachment":[{"href":"https:\/\/kemianseurat.fi\/koj\/wp-json\/wp\/v2\/media?parent=126"}],"curies":[{"name":"wp","href":"https:\/\/api.w.org\/{rel}","templated":true}]}}