{"id":49,"date":"2015-04-16T07:43:03","date_gmt":"2015-04-16T07:43:03","guid":{"rendered":"http:\/\/kemianseurat.fi\/isks\/?page_id=49"},"modified":"2024-02-02T05:22:43","modified_gmt":"2024-02-02T05:22:43","slug":"jasenyys","status":"publish","type":"page","link":"https:\/\/kemianseurat.fi\/isks\/jasenyys\/","title":{"rendered":"J\u00e4senyys"},"content":{"rendered":"<p>It\u00e4-Suomen kemistiseuran j\u00e4seneksi liittyminen tapahtuu p\u00e4\u00e4seuran (Suomalaisten kemistien seura) kautta. P\u00e4\u00e4seuran sivustolta poimittua:<\/p>\n<p><strong>Varsinaiseksi j\u00e4seneksi<\/strong> voidaan hyv\u00e4ksy\u00e4 henkil\u00f6, joka suorittamallaan ylemm\u00e4ll\u00e4 yliopistotutkinnolla tai muulla tavalla on osoittanut olevansa p\u00e4tev\u00e4 kemisti.<\/p>\n<p><strong>Nuoreksi j\u00e4seneksi<\/strong> voidaan hyv\u00e4ksy\u00e4 korkeakoulussa kemiaa p\u00e4\u00e4aineenaan opiskeleva henkil\u00f6. \u00c4\u00e4nioikeutta lukuunottamatta nuorella j\u00e4senell\u00e4 on samat oikeudet ja edut kuin varsinaisella j\u00e4senell\u00e4.<\/p>\n<p><strong>Vuosittaiset j\u00e4senmaksut (2018)<\/strong><br \/>\nVarsinainen j\u00e4sen: 67 \u20ac<br \/>\nNuori j\u00e4sen: 10 \u20ac<\/p>\n<p>Lue lis\u00e4\u00e4 <a title=\"J\u00e4senyydest\u00e4\" href=\"http:\/\/suomalaistenkemistienseura.fi\/jasenyys\/\" target=\"_blank\" rel=\"noopener\">p\u00e4\u00e4seuran j\u00e4senyyssivulta<\/a> tai etene suoraan <a title=\"J\u00e4senhakemus\" href=\"http:\/\/suomalaistenkemistienseura.fi\/hakemus\/\" target=\"_blank\" rel=\"noopener\">j\u00e4senhakemuslomakkeeseen<\/a>.<\/p>\n","protected":false},"excerpt":{"rendered":"<p>It\u00e4-Suomen kemistiseuran j\u00e4seneksi liittyminen tapahtuu p\u00e4\u00e4seuran (Suomalaisten kemistien seura) kautta. P\u00e4\u00e4seuran sivustolta poimittua: Varsinaiseksi j\u00e4seneksi voidaan hyv\u00e4ksy\u00e4 henkil\u00f6, joka suorittamallaan ylemm\u00e4ll\u00e4 yliopistotutkinnolla tai muulla tavalla on osoittanut olevansa p\u00e4tev\u00e4 kemisti. Nuoreksi j\u00e4seneksi voidaan hyv\u00e4ksy\u00e4 korkeakoulussa kemiaa p\u00e4\u00e4aineenaan opiskeleva henkil\u00f6. \u00c4\u00e4nioikeutta lukuunottamatta nuorella j\u00e4senell\u00e4 on samat oikeudet ja edut kuin varsinaisella j\u00e4senell\u00e4. Vuosittaiset j\u00e4senmaksut (2018) Varsinainen [&hellip;]<\/p>\n","protected":false},"author":2,"featured_media":0,"parent":0,"menu_order":0,"comment_status":"closed","ping_status":"open","template":"","meta":{"footnotes":""},"class_list":["post-49","page","type-page","status-publish","hentry"],"_links":{"self":[{"href":"https:\/\/kemianseurat.fi\/isks\/wp-json\/wp\/v2\/pages\/49","targetHints":{"allow":["GET"]}}],"collection":[{"href":"https:\/\/kemianseurat.fi\/isks\/wp-json\/wp\/v2\/pages"}],"about":[{"href":"https:\/\/kemianseurat.fi\/isks\/wp-json\/wp\/v2\/types\/page"}],"author":[{"embeddable":true,"href":"https:\/\/kemianseurat.fi\/isks\/wp-json\/wp\/v2\/users\/2"}],"replies":[{"embeddable":true,"href":"https:\/\/kemianseurat.fi\/isks\/wp-json\/wp\/v2\/comments?post=49"}],"version-history":[{"count":4,"href":"https:\/\/kemianseurat.fi\/isks\/wp-json\/wp\/v2\/pages\/49\/revisions"}],"predecessor-version":[{"id":327,"href":"https:\/\/kemianseurat.fi\/isks\/wp-json\/wp\/v2\/pages\/49\/revisions\/327"}],"wp:attachment":[{"href":"https:\/\/kemianseurat.fi\/isks\/wp-json\/wp\/v2\/media?parent=49"}],"curies":[{"name":"wp","href":"https:\/\/api.w.org\/{rel}","templated":true}]}}