{"id":436,"date":"2014-04-17T14:35:25","date_gmt":"2014-04-17T14:35:25","guid":{"rendered":"http:\/\/kemianseurat.fi\/finntesting\/?page_id=436"},"modified":"2019-11-28T16:05:17","modified_gmt":"2019-11-28T18:05:17","slug":"elamantyopalkinnot","status":"publish","type":"page","link":"https:\/\/kemianseurat.fi\/finntesting\/elamantyopalkinnot\/","title":{"rendered":"El\u00e4m\u00e4nty\u00f6palkinnot"},"content":{"rendered":"<h3><span style=\"color: #0000ff;\"><strong>2013<\/strong><\/span><\/h3>\n<p>Finntesting yhdistys palkitsi <strong>akkreditointip\u00e4\u00e4llikk\u00f6 Christina Waddington-Wald\u00e9nin\u00a0<\/strong>el\u00e4m\u00e4nty\u00f6st\u00e4\u00e4n laboratorioalan hyv\u00e4ksi Eurachemin kansainv\u00e4lisen seminaarin yhteydess\u00e4 toukokuussa 2013.<\/p>\n<h3><span style=\"color: #0000ff;\"><strong>2012<\/strong><\/span><\/h3>\n<p>Finntesting yhdistys palkitsi dosentti, laatup\u00e4\u00e4llikk\u00f6 <strong>Jaakko-Juhani Himbergin<\/strong> el\u00e4m\u00e4nty\u00f6st\u00e4\u00e4n laboratorioalan hyv\u00e4ksi kev\u00e4tseminaarinsa yhteydess\u00e4 24.4.2012. Palkintoesitelm\u00e4ss\u00e4\u00e4n Dosentti Himberg kertoi v\u00e4rikk\u00e4\u00e4sti ja mielenkiintoisten, autenttisten kuvien avulla urastaan, jonka kantavan ajatuksena on ollut \u201dMiss\u00e4 ja miten syntyv\u00e4t luotettavat laboratoriotulokset?<\/p>\n<h3><strong><span style=\"color: #0000ff;\">2010<\/span><\/strong><\/h3>\n<p><strong>Professori Heikki Pyysalo<\/strong><\/p>\n<h3><strong><span style=\"color: #0000ff;\">2008<\/span><\/strong><\/h3>\n<p><strong>Professori Pentti Minkkinen<\/strong><\/p>\n<h3><strong><span style=\"color: #0000ff;\">2007<\/span><\/strong><\/h3>\n<p><strong>Erikoistutkija Irma M\u00e4kinen<\/strong><\/p>\n","protected":false},"excerpt":{"rendered":"<p>2013 Finntesting yhdistys palkitsi akkreditointip\u00e4\u00e4llikk\u00f6 Christina Waddington-Wald\u00e9nin\u00a0el\u00e4m\u00e4nty\u00f6st\u00e4\u00e4n laboratorioalan hyv\u00e4ksi Eurachemin kansainv\u00e4lisen seminaarin yhteydess\u00e4 toukokuussa 2013. 2012 Finntesting yhdistys palkitsi dosentti,&hellip;<\/p>\n","protected":false},"author":2,"featured_media":0,"parent":0,"menu_order":13,"comment_status":"closed","ping_status":"open","template":"","meta":{"footnotes":""},"class_list":["post-436","page","type-page","status-publish","hentry"],"_links":{"self":[{"href":"https:\/\/kemianseurat.fi\/finntesting\/wp-json\/wp\/v2\/pages\/436","targetHints":{"allow":["GET"]}}],"collection":[{"href":"https:\/\/kemianseurat.fi\/finntesting\/wp-json\/wp\/v2\/pages"}],"about":[{"href":"https:\/\/kemianseurat.fi\/finntesting\/wp-json\/wp\/v2\/types\/page"}],"author":[{"embeddable":true,"href":"https:\/\/kemianseurat.fi\/finntesting\/wp-json\/wp\/v2\/users\/2"}],"replies":[{"embeddable":true,"href":"https:\/\/kemianseurat.fi\/finntesting\/wp-json\/wp\/v2\/comments?post=436"}],"version-history":[{"count":10,"href":"https:\/\/kemianseurat.fi\/finntesting\/wp-json\/wp\/v2\/pages\/436\/revisions"}],"predecessor-version":[{"id":2378,"href":"https:\/\/kemianseurat.fi\/finntesting\/wp-json\/wp\/v2\/pages\/436\/revisions\/2378"}],"wp:attachment":[{"href":"https:\/\/kemianseurat.fi\/finntesting\/wp-json\/wp\/v2\/media?parent=436"}],"curies":[{"name":"wp","href":"https:\/\/api.w.org\/{rel}","templated":true}]}}