{"id":355,"date":"2014-04-17T07:29:10","date_gmt":"2014-04-17T07:29:10","guid":{"rendered":"http:\/\/kemianseurat.fi\/finntesting\/?page_id=355"},"modified":"2024-01-08T08:07:55","modified_gmt":"2024-01-08T10:07:55","slug":"yhtystiedot","status":"publish","type":"page","link":"https:\/\/kemianseurat.fi\/finntesting\/yhtystiedot\/","title":{"rendered":"Yhteystiedot"},"content":{"rendered":"<p><span style=\"color: #000000;\">Yhdistyksen sihteeri on Marja-Leena Kuitunen<br \/>\nmarja-leena.kuitunen(at)alumni.helsinki.fi<\/span><\/p>\n<p><span style=\"color: #000000;\">Yhdistyksen hallituksen j\u00e4senten yhteystiedot l\u00f6ytyv\u00e4t <span style=\"color: #3366ff;\"><a style=\"color: #3366ff;\" href=\"http:\/\/kemianseurat.fi\/finntesting\/?page_id=1375\">Tietoa yhdistyksest\u00e4<\/a><\/span> -sivulta.<\/span><\/p>\n","protected":false},"excerpt":{"rendered":"<p>Yhdistyksen sihteeri on Marja-Leena Kuitunen marja-leena.kuitunen(at)alumni.helsinki.fi Yhdistyksen hallituksen j\u00e4senten yhteystiedot l\u00f6ytyv\u00e4t Tietoa yhdistyksest\u00e4 -sivulta.<\/p>\n","protected":false},"author":2,"featured_media":0,"parent":0,"menu_order":12,"comment_status":"closed","ping_status":"open","template":"","meta":{"footnotes":""},"class_list":["post-355","page","type-page","status-publish","hentry"],"_links":{"self":[{"href":"https:\/\/kemianseurat.fi\/finntesting\/wp-json\/wp\/v2\/pages\/355","targetHints":{"allow":["GET"]}}],"collection":[{"href":"https:\/\/kemianseurat.fi\/finntesting\/wp-json\/wp\/v2\/pages"}],"about":[{"href":"https:\/\/kemianseurat.fi\/finntesting\/wp-json\/wp\/v2\/types\/page"}],"author":[{"embeddable":true,"href":"https:\/\/kemianseurat.fi\/finntesting\/wp-json\/wp\/v2\/users\/2"}],"replies":[{"embeddable":true,"href":"https:\/\/kemianseurat.fi\/finntesting\/wp-json\/wp\/v2\/comments?post=355"}],"version-history":[{"count":9,"href":"https:\/\/kemianseurat.fi\/finntesting\/wp-json\/wp\/v2\/pages\/355\/revisions"}],"predecessor-version":[{"id":2918,"href":"https:\/\/kemianseurat.fi\/finntesting\/wp-json\/wp\/v2\/pages\/355\/revisions\/2918"}],"wp:attachment":[{"href":"https:\/\/kemianseurat.fi\/finntesting\/wp-json\/wp\/v2\/media?parent=355"}],"curies":[{"name":"wp","href":"https:\/\/api.w.org\/{rel}","templated":true}]}}