{"id":2106,"date":"2019-10-17T08:34:19","date_gmt":"2019-10-17T10:34:19","guid":{"rendered":"http:\/\/kemianseurat.fi\/finntesting\/?page_id=2106"},"modified":"2019-10-17T08:36:04","modified_gmt":"2019-10-17T10:36:04","slug":"mittanormaali","status":"publish","type":"page","link":"https:\/\/kemianseurat.fi\/finntesting\/mittanormaali\/","title":{"rendered":"Mittanormaali"},"content":{"rendered":"\n<p><strong>Mittanormaali <\/strong>on <strong>suureen <\/strong>m\u00e4\u00e4ritelm\u00e4n realisaatio, jolla on ilmoitettu <strong>suureen arvo <\/strong>ja siihen liittyv\u00e4 <strong>mittausep\u00e4varmuus <\/strong>ja jota k\u00e4ytet\u00e4\u00e4n referenssin\u00e4. Mittanormaalia k\u00e4ytet\u00e4\u00e4n usein referenssin\u00e4 suureen mitattujen arvojen ja niihin liittyvien mittausep\u00e4varmuuksien saamiseen muille saman lajin suureille ja siten metrologisen j\u00e4ljitett\u00e4vyyden toteuttamiseen muiden mittanormaalien, mittauslaitteiden tai mittausj\u00e4rjestelmien kalibroinnin avulla. <\/p>\n\n\n\n<ul class=\"wp-block-list\"><li><strong>Kansainv\u00e4linen mittanormaali <\/strong>on kansainv\u00e4lisesti hyv\u00e4ksytty mittanormaali, joka on tarkoitettu maailmanlaajuiseen k\u00e4ytt\u00f6\u00f6n.<\/li><\/ul>\n\n\n\n<ul class=\"wp-block-list\"><li><strong>Kansallinen mittanormaali on <\/strong>kansallisesti hyv\u00e4ksytty mittanormaali, jonka perusteella valtiossa tai talousalueella m\u00e4\u00e4ritet\u00e4\u00e4n suureen arvoja muille kyseisen suureen lajin mittanormaaleille.<\/li><\/ul>\n\n\n\n<ul class=\"wp-block-list\"><li><strong>Primaarinormaali<\/strong> on mittanormaali, jonka metrologinen laatu on yleisesti tunnustettu parhaaksi ja jonka arvo on hyv\u00e4ksytt\u00e4viss\u00e4 vertaamalla sit\u00e4 muihin saman suureen mittanormaaleihin.<\/li><\/ul>\n\n\n\n<ul class=\"wp-block-list\"><li><strong>Sekundaarinormaali<\/strong> on mittanormaali, jonka arvo m\u00e4\u00e4ritet\u00e4\u00e4n vertaamalla sit\u00e4 saman suureen primaarinormaaliin. <\/li><\/ul>\n\n\n\n<ul class=\"wp-block-list\"><li><strong>Vertailu- eli referenssinormaali<\/strong> on mittanormaali, jolla on tietyss\u00e4 paikassa tai organisaatiossa yleens\u00e4 paras saatavissa oleva metrologinen laatu ja johon siell\u00e4 teht\u00e4v\u00e4t mittaukset perustuvat. <\/li><\/ul>\n\n\n\n<ul class=\"wp-block-list\"><li><strong>K\u00e4ytt\u00f6normaali<\/strong> on mittanormaali, jota k\u00e4ytet\u00e4\u00e4n rutiiniluontoisesti mittauslaitteiden kalibrointiin tai tarkastukseen. K\u00e4ytt\u00f6normaali kalibroidaan tavallisesti vertailunormaalin avulla. <\/li><\/ul>\n\n\n\n<ul class=\"wp-block-list\"><li><strong>Siirtonormaali<\/strong> on mittanormaali, jota on tarkoitus kuljettaa eri paikkojen v\u00e4lill\u00e4 ja jolla voi olla sit\u00e4 varten erityinen rakenne.<\/li><\/ul>\n\n\n\n<p>L\u00e4hde: SFS-opas 99 (2010) KANSAINV\u00c4LINEN METROLOGIAN SANASTO (VIM). PERUS- JA YLEISK\u00c4SITTEET SEK\u00c4 NIIHIN LIITTYV\u00c4T TERMIT <\/p>\n","protected":false},"excerpt":{"rendered":"<p>Mittanormaali on suureen m\u00e4\u00e4ritelm\u00e4n realisaatio, jolla on ilmoitettu suureen arvo ja siihen liittyv\u00e4 mittausep\u00e4varmuus ja jota k\u00e4ytet\u00e4\u00e4n referenssin\u00e4. Mittanormaalia k\u00e4ytet\u00e4\u00e4n&hellip;<\/p>\n","protected":false},"author":7,"featured_media":0,"parent":0,"menu_order":0,"comment_status":"closed","ping_status":"closed","template":"","meta":{"footnotes":""},"class_list":["post-2106","page","type-page","status-publish","hentry"],"_links":{"self":[{"href":"https:\/\/kemianseurat.fi\/finntesting\/wp-json\/wp\/v2\/pages\/2106","targetHints":{"allow":["GET"]}}],"collection":[{"href":"https:\/\/kemianseurat.fi\/finntesting\/wp-json\/wp\/v2\/pages"}],"about":[{"href":"https:\/\/kemianseurat.fi\/finntesting\/wp-json\/wp\/v2\/types\/page"}],"author":[{"embeddable":true,"href":"https:\/\/kemianseurat.fi\/finntesting\/wp-json\/wp\/v2\/users\/7"}],"replies":[{"embeddable":true,"href":"https:\/\/kemianseurat.fi\/finntesting\/wp-json\/wp\/v2\/comments?post=2106"}],"version-history":[{"count":5,"href":"https:\/\/kemianseurat.fi\/finntesting\/wp-json\/wp\/v2\/pages\/2106\/revisions"}],"predecessor-version":[{"id":2119,"href":"https:\/\/kemianseurat.fi\/finntesting\/wp-json\/wp\/v2\/pages\/2106\/revisions\/2119"}],"wp:attachment":[{"href":"https:\/\/kemianseurat.fi\/finntesting\/wp-json\/wp\/v2\/media?parent=2106"}],"curies":[{"name":"wp","href":"https:\/\/api.w.org\/{rel}","templated":true}]}}