{"id":1476,"date":"2019-06-17T10:34:57","date_gmt":"2019-06-17T10:34:57","guid":{"rendered":"http:\/\/kemianseurat.fi\/finntesting\/?page_id=1476"},"modified":"2025-11-22T19:33:51","modified_gmt":"2025-11-22T21:33:51","slug":"mittausepavarmuus","status":"publish","type":"page","link":"https:\/\/kemianseurat.fi\/finntesting\/mittausepavarmuus\/","title":{"rendered":"Mittausep\u00e4varmuus"},"content":{"rendered":"\n<p>Jokaiseen mitattavaan tulokseen liittyy\nmittausep\u00e4varmuutta. Mittaustulokseen vaikuttaa aina useita tekij\u00f6it\u00e4, joita\nemme koskaan tunne t\u00e4ysin. N\u00e4in ollen kaikki mittaustulokset sis\u00e4lt\u00e4v\u00e4t tietyn\nep\u00e4varmuuden, vaihteluv\u00e4lin, joka kuvaa mittaustuloksen oletettua vaihtelua. <\/p>\n\n\n\n<p><a href=\"http:\/\/kemianseurat.fi\/finntesting\/?page_id=2113\"><strong>On olemassa useita erilaisia tapoja arvioida mittausep\u00e4varmuutta<\/strong><\/a>. Arviointitavan valintaan vaikuttaa esimerkiksi se, mink\u00e4 tyyppinen on k\u00e4ytett\u00e4v\u00e4 analyysimenetelm\u00e4. T\u00e4rkeimm\u00e4n kriteerin mittausep\u00e4varmuuden arviointitavalle asettaa kuitenkin mittaustuloksen k\u00e4ytt\u00f6tarkoitus ja miten yksityiskohtaisen mittausep\u00e4varmuusarvion halutaan olevan. Mit\u00e4 tahansa arviointitapaa k\u00e4ytet\u00e4\u00e4nkin, olisi GUM-periaatteita noudatettava. Mik\u00e4li ep\u00e4varmuus lasketaan mittaustuloksista tilastollisia menetelmi\u00e4 k\u00e4ytt\u00e4en, t\u00e4ll\u00f6in puhutaan tyypin A mittausep\u00e4varmuusarviosta. Tyypin B mittausep\u00e4varmuusarvio tehd\u00e4\u00e4n muilla kuin tilastollisilla analyyseill\u00e4 (esim. aikaisemmat kokemukset, kirjallisuustiedot, valmistajan ilmoittamat arvot). <\/p>\n\n\n\n<p>Mittausep\u00e4varmuus ilmoitetaan joko absoluuttisena lukuarvona mittaustuloksen per\u00e4ss\u00e4, kuten (0,45 \u00b1 0,02) mg\/l tai suhteellisena arvona: 0,45 mg\/l \u00b1 4%. Yleens\u00e4 mittausep\u00e4varmuus ilmoitetaan niin sanottuna laajennettuna ep\u00e4varmuutena, joka saadaan kertomalla yhdistetty standardiep\u00e4varmuus kattavuuskertoimella 2. T\u00e4ll\u00f6in \u201doikea\u201d mittaustulos on ilmoitettujen mittausep\u00e4varmuusrajojen sis\u00e4ll\u00e4 noin 95% todenn\u00e4k\u00f6isyydell\u00e4. <\/p>\n\n\n\n<p> Suomen ymp\u00e4rist\u00f6keskus on kehitt\u00e4nyt laboratorioille suunnatun  tietokoneohjelman mittausep\u00e4varmuuden arviointiin, jossa laskenta  perustuu Nordtest TR 537 \u2013raporttiin. Suomen ymp\u00e4rist\u00f6keskuksen  www-sivuilta <strong><a href=\"http:\/\/www.syke.fi\/envical\/en\">www.syke.fi\/envical\/en<\/a> <\/strong>voi asentaa MUkit (Measurement Uncertainty Kit) \u2013tietokoneohjelman ilmaiseksi.  <\/p>\n\n\n\n<div class=\"wp-block-group\"><div class=\"wp-block-group__inner-container is-layout-flow wp-block-group-is-layout-flow\">\n<p><a href=\"https:\/\/kemianseurat.fi\/finntesting\/wp-content\/uploads\/2020\/11\/Esimerkki-mittausep\u00e4varmuuden-arvioinnista-Nordtestin-oppaan-TR537-mukaisesti.pdf\">Esimerkki mittausep\u00e4varmuuden arvioinnista Nordtestin oppaan TR537 mukaisesti<\/a><\/p>\n<\/div><\/div>\n\n\n\n<figure class=\"wp-block-image is-resized\"><img loading=\"lazy\" decoding=\"async\" width=\"1016\" height=\"1017\" src=\"https:\/\/kemianseurat.fi\/finntesting\/wp-content\/uploads\/2020\/11\/MUKit_logo_300dpi.jpg\" alt=\"\" class=\"wp-image-2610\" style=\"width:254px;height:254px\" srcset=\"https:\/\/kemianseurat.fi\/finntesting\/wp-content\/uploads\/2020\/11\/MUKit_logo_300dpi.jpg 1016w, https:\/\/kemianseurat.fi\/finntesting\/wp-content\/uploads\/2020\/11\/MUKit_logo_300dpi-300x300.jpg 300w, https:\/\/kemianseurat.fi\/finntesting\/wp-content\/uploads\/2020\/11\/MUKit_logo_300dpi-150x150.jpg 150w, https:\/\/kemianseurat.fi\/finntesting\/wp-content\/uploads\/2020\/11\/MUKit_logo_300dpi-768x769.jpg 768w\" sizes=\"auto, (max-width: 1016px) 100vw, 1016px\" \/><\/figure>\n\n\n\n<h2 class=\"wp-block-heading\" style=\"font-size:22px\">OPPAITA<\/h2>\n\n\n\n<p><\/p>\n\n\n\n<div class=\"wp-block-file\"><a href=\"http:\/\/kemianseurat.fi\/finntesting\/wp-content\/uploads\/2019\/10\/Evaluation-of-Measurement-Data-\u2014-Guide-to-the-Expression-of-Uncertainty-in-Measurement-GUM-2008.pdf\">Evaluation of Measurement Data \u2014 Guide to the Expression of Uncertainty in Measurement<strong> GUM <\/strong>(2008)<\/a><\/div>\n\n\n\n<div class=\"wp-block-file\"><a href=\"http:\/\/kemianseurat.fi\/finntesting\/wp-content\/uploads\/2019\/10\/Eurachem-Citac-guide-CG-4-2012_uncertainty-1.pdf\"><strong>Eurachem Citac guide<\/strong> CG 4 2012_uncertainty<\/a><\/div>\n\n\n\n<p style=\"font-size:12px\"><a href=\"https:\/\/www.eurachem.org\/images\/stories\/Guides\/pdf\/AQA_2021_EN_v01a.pdf\"><strong>EURACHEM\/CITAC guide Performance and Uncertainty in Quality Chemical Analysis (2021)<\/strong><\/a><\/p>\n\n\n\n<div class=\"wp-block-file\"><a href=\"http:\/\/kemianseurat.fi\/finntesting\/wp-content\/uploads\/2019\/10\/Handbook-for-Calculation-of-Measurement-Uncertainty-in-Environmental-Laboratories-2017-Nordtest-TR-537-\u2013raportti.pdf\"><strong>Handbook for Calculation of Measurement Uncertainty in Environmental Laboratories<\/strong> (2017) Nordtest TR 537 \u2013raportti on tehty Pohjoismaiden ymp\u00e4rist\u00f6laboratoriota varten. T\u00e4ss\u00e4  mittausep\u00e4varmuutta arvioidaan olemassa olevan laadunvarmistus- ja  validointidatan avulla. <\/a><\/div>\n\n\n\n<p><strong>Eurachem information leaflets:<\/strong> <\/p>\n\n\n\n<ul class=\"wp-block-list\">\n<li><a href=\"https:\/\/www.eurachem.org\/images\/stories\/leaflets\/mu\/compliance\/eurachemcomplianceleaflet_FI.pdf\">Ep\u00e4varmuustiedon k\u00e4ytt\u00f6 vaatimustenmukaisuuden arvioinnissa<\/a> (2019)<\/li>\n\n\n\n<li><a href=\"https:\/\/www.eurachem.org\/images\/stories\/leaflets\/mu\/stmu\/STMU_Leaflet_V1_EN.pdf\">Setting target measurement uncertainty<\/a> (2018)<\/li>\n\n\n\n<li><a href=\"https:\/\/www.eurachem.org\/images\/stories\/leaflets\/mu\/sqrt_n\/SQRT_N_2016_EN.pdf\">Using repeated measurements to improve the standard uncertainty<\/a> (2016)<\/li>\n<\/ul>\n\n\n\n<p><strong>Metrologian neuvottelukunta:<\/strong><\/p>\n\n\n\n<p><a href=\"https:\/\/publications.vtt.fi\/pdf\/technology\/2024\/T429.pdf\"><strong>Mikrobiologisten menetelmien ep\u00e4varmuuden laskeminen 2024<\/strong><\/a> <\/p>\n\n\n\n<p><strong>SFS-k\u00e4sikirja 40<\/strong>    Mittausep\u00e4varmuus<\/p>\n\n\n\n<p><strong>SFS-ISO 11352:2013<\/strong>    Veden laatu. Validointiin ja laadunvarmistusaineistoon perustuva mittausep\u00e4varmuuden arviointi<\/p>\n\n\n\n<p><strong>ISO 21748:2017<\/strong>    Guidance for the use of repeatability, reproducibility and trueness estimates in measurement uncertainty evaluation<\/p>\n\n\n\n<p>Measurement\nuncertainty revisited: Alternative approaches to uncertainty evaluation,\nTechnical report No. 1\/2007, EUROLAB, 2007 (<a href=\"http:\/\/www.eurolab.org\">www.eurolab.org<\/a>)<\/p>\n\n\n\n<p>Guide to the\nevaluation of measurement uncertainty for quantitative tests results, Technical\nreport No. 1\/2006, EUROLAB, 2006 (<a href=\"http:\/\/www.eurolab.org\">www.eurolab.org<\/a>)<\/p>\n\n\n\n<p>EA-4\/16 G, EA\nguidelines on the expression of uncertainty in quantitative testing, 2003 (<a href=\"http:\/\/www.european-accreditation.org\">www.european-accreditation.org<\/a>)<\/p>\n\n\n\n<p>Decision rules applied\nto conformity assessment, Technical report No. 01\/2017, EUROLAB, 2017 (<a href=\"http:\/\/www.eurolab.org\">www.eurolab.org<\/a>)<\/p>\n\n\n\n<p>General Accreditation\nGuidance. Estimating and reporting measurement uncertainty of chemical test\nresults, NATA, 2018 (<a href=\"http:\/\/www.nata.com.au\">www.nata.com.au<\/a>)<\/p>\n\n\n\n<p>Eurolab cookbooks (<a href=\"http:\/\/www.eurolab.org\/cookbooks.aspx\">http:\/\/www.eurolab.org\/cookbooks.aspx<\/a>) Doc No. 8.0, Determination of conformance\nwith specifications or limit values with particular reference to measurement\nuncertainties &#8211; possible strategies, 2017<\/p>\n\n\n\n<p><a href=\"https:\/\/www.rsc.org\/images\/realistic-estimate-technical-brief-15_tcm18-214874.pdf\">AMC Technical Brief 15-2003, RSC, Is\nmy uncertainty estimate realistic?<\/a><\/p>\n\n\n\n<p><br><\/p>\n","protected":false},"excerpt":{"rendered":"<p>Jokaiseen mitattavaan tulokseen liittyy mittausep\u00e4varmuutta. Mittaustulokseen vaikuttaa aina useita tekij\u00f6it\u00e4, joita emme koskaan tunne t\u00e4ysin. N\u00e4in ollen kaikki mittaustulokset sis\u00e4lt\u00e4v\u00e4t&hellip;<\/p>\n","protected":false},"author":7,"featured_media":0,"parent":0,"menu_order":0,"comment_status":"closed","ping_status":"closed","template":"","meta":{"footnotes":""},"class_list":["post-1476","page","type-page","status-publish","hentry"],"_links":{"self":[{"href":"https:\/\/kemianseurat.fi\/finntesting\/wp-json\/wp\/v2\/pages\/1476","targetHints":{"allow":["GET"]}}],"collection":[{"href":"https:\/\/kemianseurat.fi\/finntesting\/wp-json\/wp\/v2\/pages"}],"about":[{"href":"https:\/\/kemianseurat.fi\/finntesting\/wp-json\/wp\/v2\/types\/page"}],"author":[{"embeddable":true,"href":"https:\/\/kemianseurat.fi\/finntesting\/wp-json\/wp\/v2\/users\/7"}],"replies":[{"embeddable":true,"href":"https:\/\/kemianseurat.fi\/finntesting\/wp-json\/wp\/v2\/comments?post=1476"}],"version-history":[{"count":29,"href":"https:\/\/kemianseurat.fi\/finntesting\/wp-json\/wp\/v2\/pages\/1476\/revisions"}],"predecessor-version":[{"id":4223,"href":"https:\/\/kemianseurat.fi\/finntesting\/wp-json\/wp\/v2\/pages\/1476\/revisions\/4223"}],"wp:attachment":[{"href":"https:\/\/kemianseurat.fi\/finntesting\/wp-json\/wp\/v2\/media?parent=1476"}],"curies":[{"name":"wp","href":"https:\/\/api.w.org\/{rel}","templated":true}]}}