{"id":1384,"date":"2019-06-17T05:58:41","date_gmt":"2019-06-17T05:58:41","guid":{"rendered":"http:\/\/kemianseurat.fi\/finntesting\/?page_id=1384"},"modified":"2024-01-08T08:07:34","modified_gmt":"2024-01-08T10:07:34","slug":"verkkosivulinkkeja","status":"publish","type":"page","link":"https:\/\/kemianseurat.fi\/finntesting\/verkkosivulinkkeja\/","title":{"rendered":"Verkkosivulinkkej\u00e4"},"content":{"rendered":"<p><strong>Kattoj\u00e4rjest\u00f6j\u00e4<br \/>\n<\/strong><\/p>\n<ul>\n<li><a href=\"http:\/\/www.eurolab.org\/\">Eurolab<\/a><\/li>\n<li><a href=\"http:\/\/www.eurachem.org\/\">Eurachem<\/a><\/li>\n<li><a href=\"http:\/\/www.citac.cc\/\">CITAC<\/a><\/li>\n<\/ul>\n<p><strong>Metrologian keskeisi\u00e4 tahoja<\/strong><\/p>\n<ul>\n<li><a href=\"https:\/\/www.mikes.fi\/\">VTT MIKES &#8211; Suomen kansallinen metrologialaitos<\/a><\/li>\n<li><a href=\"https:\/\/www.finas.fi\/\">FINAS &#8211; Finnish Accreditation Services<\/a><\/li>\n<li><a href=\"http:\/\/www.european-accreditation.org\/\">EA &#8211; European Co-operation for Accreditation<\/a><\/li>\n<li><a href=\"https:\/\/www.ilac.org\/\">ILAC &#8211; International Laboratory Accreditation Cooperation<\/a><\/li>\n<\/ul>\n","protected":false},"excerpt":{"rendered":"<p>Kattoj\u00e4rjest\u00f6j\u00e4 Eurolab Eurachem CITAC Metrologian keskeisi\u00e4 tahoja VTT MIKES &#8211; Suomen kansallinen metrologialaitos FINAS &#8211; Finnish Accreditation Services EA &#8211;&hellip;<\/p>\n","protected":false},"author":6,"featured_media":0,"parent":0,"menu_order":0,"comment_status":"closed","ping_status":"closed","template":"","meta":{"footnotes":""},"class_list":["post-1384","page","type-page","status-publish","hentry"],"_links":{"self":[{"href":"https:\/\/kemianseurat.fi\/finntesting\/wp-json\/wp\/v2\/pages\/1384","targetHints":{"allow":["GET"]}}],"collection":[{"href":"https:\/\/kemianseurat.fi\/finntesting\/wp-json\/wp\/v2\/pages"}],"about":[{"href":"https:\/\/kemianseurat.fi\/finntesting\/wp-json\/wp\/v2\/types\/page"}],"author":[{"embeddable":true,"href":"https:\/\/kemianseurat.fi\/finntesting\/wp-json\/wp\/v2\/users\/6"}],"replies":[{"embeddable":true,"href":"https:\/\/kemianseurat.fi\/finntesting\/wp-json\/wp\/v2\/comments?post=1384"}],"version-history":[{"count":5,"href":"https:\/\/kemianseurat.fi\/finntesting\/wp-json\/wp\/v2\/pages\/1384\/revisions"}],"predecessor-version":[{"id":3652,"href":"https:\/\/kemianseurat.fi\/finntesting\/wp-json\/wp\/v2\/pages\/1384\/revisions\/3652"}],"wp:attachment":[{"href":"https:\/\/kemianseurat.fi\/finntesting\/wp-json\/wp\/v2\/media?parent=1384"}],"curies":[{"name":"wp","href":"https:\/\/api.w.org\/{rel}","templated":true}]}}